{"id":9,"date":"2022-11-23T09:08:00","date_gmt":"2022-11-23T09:08:00","guid":{"rendered":"https:\/\/andaluciamejorconciencia.fundaciondescubre.es\/vermi-la-lombriz-es-increible\/sobre-la-comunidad\/"},"modified":"2022-11-24T09:50:49","modified_gmt":"2022-11-24T09:50:49","slug":"sobre-la-comunidad","status":"publish","type":"page","link":"https:\/\/andaluciamejorconciencia.fundaciondescubre.es\/vermi-la-lombriz-es-increible\/es\/sobre-la-comunidad\/","title":{"rendered":"Sobre la comunidad"},"content":{"rendered":"<p><span style=\"font-weight: 400\">Nuestro proyecto se basa en la investigaci\u00f3n y experimentaci\u00f3n en torno al aprovechamiento de las lombrices rojas como transformadoras de residuos alimenticios dom\u00e9sticos en fertilizante natural.\u00a0<\/span><\/p>\n<p><span style=\"font-weight: 400\">La investigaci\u00f3n consistir\u00e1 en estudiar, siguiendo las indicaciones de expertos y utilizando metodolog\u00eda cient\u00edfica, la alimentaci\u00f3n y reproducci\u00f3n de las lombrices para obtener de ellas el m\u00e1ximo beneficio. Para ello, tras conocer la lombriz roja californiana (<\/span><i><span style=\"font-weight: 400\">Eisenia fetida y Eisenia andrei<\/span><\/i><span style=\"font-weight: 400\">), se estudiar\u00e1 su ciclo de vida, aportando las condiciones necesarias para ello. Adem\u00e1s, se investigar\u00e1 c\u00f3mo responden las lombrices a diferentes dietas, elaborando un estudio en que puedan llevarse a cabo medidas en funci\u00f3n de dichas dietas<\/span><span style=\"font-weight: 400\">: esti\u00e9rcol, basura dom\u00e9stica, mezcla de esti\u00e9rcol y basura dom\u00e9stica, mezcla de esti\u00e9rcol y basura dom\u00e9stica y poso de caf\u00e9. Tambi\u00e9n se pondr\u00e1 en marcha un experimento para estudiar en qu\u00e9 medida el esti\u00e9rcol contribuye al crecimiento de los cultivos.<\/span> <span style=\"font-weight: 400\">\u00a0\u00a0\u00a0<\/span><\/p>\n<p><span style=\"font-weight: 400\">Este proyecto se inscribe literalmente en el \u00e1mbito de la econom\u00eda circular y sostenible, ya que el compost producido por las lombrices ser\u00e1 aprovechado para abonar el huerto urbano de \u201cLas Moreras\u201d y as\u00ed producir de nuevo alimentos frescos y saludables.<\/span><\/p>\n<p><span style=\"font-weight: 400\">Una parte fundamental del proyecto es la difusi\u00f3n de los resultados obtenidos, lo cual se har\u00e1 tanto en la Feria de la Ciencia (con un stand propio), en la que se mostrar\u00e1n tanto los datos fruto de la investigaci\u00f3n como otras actividades relacionadas con el mismo que se ir\u00e1n preparando a lo largo del curso escolar. Tambi\u00e9n se difundir\u00e1n los resultados entre todos los hortelanos y hortelanas del Huerto de Miraflores, pues pueden apoyar la tesis relativa a la importancia de implementar en dichos huertos un sistema de vermicompostaje que fomente la idea de econom\u00eda circular en el mismo.<\/span><\/p>\n","protected":false},"excerpt":{"rendered":"<p>Nuestro proyecto se basa en la investigaci\u00f3n y experimentaci\u00f3n en torno al aprovechamiento de las lombrices rojas como transformadoras de residuos alimenticios dom\u00e9sticos en fertilizante natural.\u00a0 La investigaci\u00f3n consistir\u00e1 en estudiar, siguiendo las indicaciones de expertos y utilizando metodolog\u00eda cient\u00edfica, la alimentaci\u00f3n y reproducci\u00f3n de las lombrices para obtener de ellas el m\u00e1ximo beneficio. Para &hellip; <a href=\"https:\/\/andaluciamejorconciencia.fundaciondescubre.es\/vermi-la-lombriz-es-increible\/es\/sobre-la-comunidad\/\" class=\"more-link\">Continuar leyendo<span class=\"screen-reader-text\"> &#8220;Sobre la comunidad&#8221;<\/span><\/a><\/p>\n","protected":false},"author":1,"featured_media":0,"parent":0,"menu_order":0,"comment_status":"closed","ping_status":"closed","template":"","meta":[],"yoast_head":"<!-- This site is optimized with the Yoast SEO plugin v16.4 - https:\/\/yoast.com\/wordpress\/plugins\/seo\/ -->\n<title>Sobre la comunidad - Para un mundo m\u00e1s sostenible: Vermi la lombriz es incre\u00edble<\/title>\n<meta name=\"robots\" content=\"index, follow, max-snippet:-1, max-image-preview:large, max-video-preview:-1\" \/>\n<link rel=\"canonical\" href=\"https:\/\/andaluciamejorconciencia.fundaciondescubre.es\/vermi-la-lombriz-es-increible\/es\/sobre-la-comunidad\/\" \/>\n<meta property=\"og:locale\" content=\"es_ES\" \/>\n<meta property=\"og:type\" content=\"article\" \/>\n<meta property=\"og:title\" content=\"Sobre la comunidad - Para un mundo m\u00e1s sostenible: Vermi la lombriz es incre\u00edble\" \/>\n<meta property=\"og:description\" content=\"Nuestro proyecto se basa en la investigaci\u00f3n y experimentaci\u00f3n en torno al aprovechamiento de las lombrices rojas como transformadoras de residuos alimenticios dom\u00e9sticos en fertilizante natural.\u00a0 La investigaci\u00f3n consistir\u00e1 en estudiar, siguiendo las indicaciones de expertos y utilizando metodolog\u00eda cient\u00edfica, la alimentaci\u00f3n y reproducci\u00f3n de las lombrices para obtener de ellas el m\u00e1ximo beneficio. Para &hellip; Continuar leyendo &quot;Sobre la comunidad&quot;\" \/>\n<meta property=\"og:url\" content=\"https:\/\/andaluciamejorconciencia.fundaciondescubre.es\/vermi-la-lombriz-es-increible\/es\/sobre-la-comunidad\/\" \/>\n<meta property=\"og:site_name\" content=\"Para un mundo m\u00e1s sostenible: Vermi la lombriz es incre\u00edble\" \/>\n<meta property=\"article:modified_time\" content=\"2022-11-24T09:50:49+00:00\" \/>\n<meta name=\"twitter:card\" content=\"summary_large_image\" \/>\n<meta name=\"twitter:label1\" content=\"Tiempo de lectura\" \/>\n\t<meta name=\"twitter:data1\" content=\"2 minutos\" \/>\n<script type=\"application\/ld+json\" class=\"yoast-schema-graph\">{\"@context\":\"https:\/\/schema.org\",\"@graph\":[{\"@type\":\"WebSite\",\"@id\":\"https:\/\/andaluciamejorconciencia.fundaciondescubre.es\/vermi-la-lombriz-es-increible\/#website\",\"url\":\"https:\/\/andaluciamejorconciencia.fundaciondescubre.es\/vermi-la-lombriz-es-increible\/\",\"name\":\"Para un mundo m\\u00e1s sostenible: Vermi la lombriz es incre\\u00edble\",\"description\":\"Andaluc\\u00eda mejor con ciencia\",\"potentialAction\":[{\"@type\":\"SearchAction\",\"target\":\"https:\/\/andaluciamejorconciencia.fundaciondescubre.es\/vermi-la-lombriz-es-increible\/?s={search_term_string}\",\"query-input\":\"required name=search_term_string\"}],\"inLanguage\":\"es\"},{\"@type\":\"WebPage\",\"@id\":\"https:\/\/andaluciamejorconciencia.fundaciondescubre.es\/vermi-la-lombriz-es-increible\/es\/sobre-la-comunidad\/#webpage\",\"url\":\"https:\/\/andaluciamejorconciencia.fundaciondescubre.es\/vermi-la-lombriz-es-increible\/es\/sobre-la-comunidad\/\",\"name\":\"Sobre la comunidad - Para un mundo m\\u00e1s sostenible: Vermi la lombriz es incre\\u00edble\",\"isPartOf\":{\"@id\":\"https:\/\/andaluciamejorconciencia.fundaciondescubre.es\/vermi-la-lombriz-es-increible\/#website\"},\"datePublished\":\"2022-11-23T09:08:00+00:00\",\"dateModified\":\"2022-11-24T09:50:49+00:00\",\"breadcrumb\":{\"@id\":\"https:\/\/andaluciamejorconciencia.fundaciondescubre.es\/vermi-la-lombriz-es-increible\/es\/sobre-la-comunidad\/#breadcrumb\"},\"inLanguage\":\"es\",\"potentialAction\":[{\"@type\":\"ReadAction\",\"target\":[\"https:\/\/andaluciamejorconciencia.fundaciondescubre.es\/vermi-la-lombriz-es-increible\/es\/sobre-la-comunidad\/\"]}]},{\"@type\":\"BreadcrumbList\",\"@id\":\"https:\/\/andaluciamejorconciencia.fundaciondescubre.es\/vermi-la-lombriz-es-increible\/es\/sobre-la-comunidad\/#breadcrumb\",\"itemListElement\":[{\"@type\":\"ListItem\",\"position\":1,\"item\":{\"@type\":\"WebPage\",\"@id\":\"https:\/\/andaluciamejorconciencia.fundaciondescubre.es\/vermi-la-lombriz-es-increible\/\",\"url\":\"https:\/\/andaluciamejorconciencia.fundaciondescubre.es\/vermi-la-lombriz-es-increible\/\",\"name\":\"Portada\"}},{\"@type\":\"ListItem\",\"position\":2,\"item\":{\"@id\":\"https:\/\/andaluciamejorconciencia.fundaciondescubre.es\/vermi-la-lombriz-es-increible\/es\/sobre-la-comunidad\/#webpage\"}}]}]}<\/script>\n<!-- \/ Yoast SEO plugin. -->","_links":{"self":[{"href":"https:\/\/andaluciamejorconciencia.fundaciondescubre.es\/vermi-la-lombriz-es-increible\/wp-json\/wp\/v2\/pages\/9"}],"collection":[{"href":"https:\/\/andaluciamejorconciencia.fundaciondescubre.es\/vermi-la-lombriz-es-increible\/wp-json\/wp\/v2\/pages"}],"about":[{"href":"https:\/\/andaluciamejorconciencia.fundaciondescubre.es\/vermi-la-lombriz-es-increible\/wp-json\/wp\/v2\/types\/page"}],"author":[{"embeddable":true,"href":"https:\/\/andaluciamejorconciencia.fundaciondescubre.es\/vermi-la-lombriz-es-increible\/wp-json\/wp\/v2\/users\/1"}],"replies":[{"embeddable":true,"href":"https:\/\/andaluciamejorconciencia.fundaciondescubre.es\/vermi-la-lombriz-es-increible\/wp-json\/wp\/v2\/comments?post=9"}],"version-history":[{"count":2,"href":"https:\/\/andaluciamejorconciencia.fundaciondescubre.es\/vermi-la-lombriz-es-increible\/wp-json\/wp\/v2\/pages\/9\/revisions"}],"predecessor-version":[{"id":39,"href":"https:\/\/andaluciamejorconciencia.fundaciondescubre.es\/vermi-la-lombriz-es-increible\/wp-json\/wp\/v2\/pages\/9\/revisions\/39"}],"wp:attachment":[{"href":"https:\/\/andaluciamejorconciencia.fundaciondescubre.es\/vermi-la-lombriz-es-increible\/wp-json\/wp\/v2\/media?parent=9"}],"curies":[{"name":"wp","href":"https:\/\/api.w.org\/{rel}","templated":true}]}}