{"id":107,"date":"2016-04-27T09:54:07","date_gmt":"2016-04-27T09:54:07","guid":{"rendered":"https:\/\/andaluciamejorconciencia.fundaciondescubre.es\/somosbiodiversidadatarfe\/agentes-y-entidades-que-colaboran\/"},"modified":"2016-05-10T09:11:47","modified_gmt":"2016-05-10T09:11:47","slug":"sobre-el-proyecto","status":"publish","type":"page","link":"https:\/\/andaluciamejorconciencia.fundaciondescubre.es\/somosbiodiversidadatarfe\/es\/sobre-el-proyecto\/","title":{"rendered":"Sobre el proyecto"},"content":{"rendered":"<p>El proyecto &#8220;SOMOS BIODIVERSIDAD&#8221; es un proyecto colaborativo intercentros que se ha puesto en marcha en Atarfe en el tercer trimestre del curso 2014\/15. Este proyecto supone una continuaci\u00f3n de la l\u00ednea estrat\u00e9gica que se puso en marcha el curso pasado a partir del proyecto <a href=\"https:\/\/proyectocreece.wordpress.com\/\">CREECE<\/a> (Comunidad para la Reestauraci\u00f3n Ecol\u00f3gica del Estanque del Corredor Verde). Este proyecto consigui\u00f3 involucrar a toda la comunidad de Atarfe, especialmente la educativa, para que de forma colaborativa consiguieran mejorar la biopersidad de uno de los estanques m\u00e1s importante de la localidad. Con la satisfacci\u00f3n del trabajo bien hecho y habiendo concluido dicho proyecto, nos hemos lanzado a una nueva aventura: &#8220;ATARFE, UN JARD\u00cdN DE MARIPOSAS&#8221;.<\/p>\n<p><img loading=\"lazy\" class=\"alignnone size-full wp-image-59\" src=\"https:\/\/andaluciamejorconciencia.fundaciondescubre.es\/somosbiodiversidadatarfe\/wp-content\/uploads\/sites\/10\/2016\/04\/mariposas.jpg\" alt=\"mariposas\" width=\"960\" height=\"720\" srcset=\"https:\/\/andaluciamejorconciencia.fundaciondescubre.es\/somosbiodiversidadatarfe\/wp-content\/uploads\/sites\/10\/2016\/04\/mariposas.jpg 960w, https:\/\/andaluciamejorconciencia.fundaciondescubre.es\/somosbiodiversidadatarfe\/wp-content\/uploads\/sites\/10\/2016\/04\/mariposas-300x225.jpg 300w, https:\/\/andaluciamejorconciencia.fundaciondescubre.es\/somosbiodiversidadatarfe\/wp-content\/uploads\/sites\/10\/2016\/04\/mariposas-768x576.jpg 768w, https:\/\/andaluciamejorconciencia.fundaciondescubre.es\/somosbiodiversidadatarfe\/wp-content\/uploads\/sites\/10\/2016\/04\/mariposas-720x540.jpg 720w\" sizes=\"(max-width: 709px) 85vw, (max-width: 909px) 67vw, (max-width: 1362px) 62vw, 840px\" \/><\/p>\n<p>Los objetivos con los que empez\u00f3 el proyecto CREECE siguen plenamente vigentes en nuestras aulas y nos hemos atrevido a seguir mejorando con nuestro alumnado la biopersidad de Atarfe. En este caso, a partir de un nuevo proyecto: SOMOS BIOpERSIDAD, que tratar\u00e1 de concienciar sobre la importancia de respetar nuestro entorno e implicar al alumnado y al resto de la comunidad de forma activa en su preservaci\u00f3n y mejora.<\/p>\n<p>En esta ocasi\u00f3n, nuestro proyecto estar\u00e1 enfocado a mejorar la biopersidad de plantas aut\u00f3ctonas en Atarfe y que, a partir de este aumento de biopersidad, consigamos que nuestra ciudad se convierta en un verdadero para\u00edso para las mariposas, transformando as\u00ed Atarfe en un jard\u00edn de mariposas.<\/p>\n<p>Para que este proyecto sea una realidad volvemos a contar con numerosos agentes implicados: el Ayuntamiento, la Fundaci\u00f3n Descubre, la compa\u00f1\u00eda de teatro, las familias, la Universidad y, especialmente toda la comunidad educativa de Atarfe.<\/p>\n<p>Las clases de los centros educativos se ir\u00e1n sumando al proyecto a lo largo de las diferentes fases de ejecuci\u00f3n. esta primera fase, que se llevar\u00e1 cabo en este trimestre, contar\u00e1 con m\u00e1s de 150 alumnos y alumnas de educaci\u00f3n infantil y primer ciclo de educaci\u00f3n primaria. Todos estos peques contar\u00e1n con la ayuda de un asesor cient\u00edfico, profesor de biolog\u00eda y especialista en entomolog\u00eda, que nos ayudar\u00e1 a lo largo de este camino que acabamos de empezar a recorrer y con el que esperamos mejorar nuestro entorno dando un paso al frente por la ciencia y el medio ambiente.<\/p>\n<p>&nbsp;<\/p>\n","protected":false},"excerpt":{"rendered":"<p>El proyecto &#8220;SOMOS BIODIVERSIDAD&#8221; es un proyecto colaborativo intercentros que se ha puesto en marcha en Atarfe en el tercer trimestre del curso 2014\/15. Este proyecto supone una continuaci\u00f3n de la l\u00ednea estrat\u00e9gica que se puso en marcha el curso pasado a partir del proyecto CREECE (Comunidad para la Reestauraci\u00f3n Ecol\u00f3gica del Estanque del Corredor &hellip; <a href=\"https:\/\/andaluciamejorconciencia.fundaciondescubre.es\/somosbiodiversidadatarfe\/es\/sobre-el-proyecto\/\" class=\"more-link\">Continuar leyendo<span class=\"screen-reader-text\"> &#8220;Sobre el proyecto&#8221;<\/span><\/a><\/p>\n","protected":false},"author":1,"featured_media":0,"parent":0,"menu_order":0,"comment_status":"closed","ping_status":"closed","template":"","meta":[],"yoast_head":"<!-- This site is optimized with the Yoast SEO plugin v16.4 - https:\/\/yoast.com\/wordpress\/plugins\/seo\/ -->\n<title>Sobre el proyecto - Somos biodiversidad Atarfe<\/title>\n<meta name=\"robots\" content=\"index, follow, max-snippet:-1, max-image-preview:large, max-video-preview:-1\" \/>\n<link rel=\"canonical\" href=\"https:\/\/andaluciamejorconciencia.fundaciondescubre.es\/somosbiodiversidadatarfe\/es\/sobre-el-proyecto\/\" \/>\n<meta property=\"og:locale\" content=\"es_ES\" \/>\n<meta property=\"og:type\" content=\"article\" \/>\n<meta property=\"og:title\" content=\"Sobre el proyecto - Somos biodiversidad Atarfe\" \/>\n<meta property=\"og:description\" content=\"El proyecto &#8220;SOMOS BIODIVERSIDAD&#8221; es un proyecto colaborativo intercentros que se ha puesto en marcha en Atarfe en el tercer trimestre del curso 2014\/15. Este proyecto supone una continuaci\u00f3n de la l\u00ednea estrat\u00e9gica que se puso en marcha el curso pasado a partir del proyecto CREECE (Comunidad para la Reestauraci\u00f3n Ecol\u00f3gica del Estanque del Corredor &hellip; Continuar leyendo &quot;Sobre el proyecto&quot;\" \/>\n<meta property=\"og:url\" content=\"https:\/\/andaluciamejorconciencia.fundaciondescubre.es\/somosbiodiversidadatarfe\/es\/sobre-el-proyecto\/\" \/>\n<meta property=\"og:site_name\" content=\"Somos biodiversidad Atarfe\" \/>\n<meta property=\"article:modified_time\" content=\"2016-05-10T09:11:47+00:00\" \/>\n<meta property=\"og:image\" content=\"https:\/\/andaluciamejorconciencia.fundaciondescubre.es\/somosbiodiversidadatarfe\/wp-content\/uploads\/sites\/10\/2016\/04\/mariposas.jpg\" \/>\n<meta name=\"twitter:card\" content=\"summary\" \/>\n<meta name=\"twitter:label1\" content=\"Tiempo de lectura\" \/>\n\t<meta name=\"twitter:data1\" content=\"2 minutos\" \/>\n<script type=\"application\/ld+json\" class=\"yoast-schema-graph\">{\"@context\":\"https:\/\/schema.org\",\"@graph\":[{\"@type\":\"WebSite\",\"@id\":\"https:\/\/andaluciamejorconciencia.fundaciondescubre.es\/somosbiodiversidadatarfe\/#website\",\"url\":\"https:\/\/andaluciamejorconciencia.fundaciondescubre.es\/somosbiodiversidadatarfe\/\",\"name\":\"Somos biodiversidad Atarfe\",\"description\":\"\",\"potentialAction\":[{\"@type\":\"SearchAction\",\"target\":\"https:\/\/andaluciamejorconciencia.fundaciondescubre.es\/somosbiodiversidadatarfe\/?s={search_term_string}\",\"query-input\":\"required name=search_term_string\"}],\"inLanguage\":\"es\"},{\"@type\":\"ImageObject\",\"@id\":\"https:\/\/andaluciamejorconciencia.fundaciondescubre.es\/somosbiodiversidadatarfe\/es\/sobre-el-proyecto\/#primaryimage\",\"inLanguage\":\"es\",\"url\":\"https:\/\/andaluciamejorconciencia.fundaciondescubre.es\/somosbiodiversidadatarfe\/wp-content\/uploads\/sites\/10\/2016\/04\/mariposas.jpg\",\"contentUrl\":\"https:\/\/andaluciamejorconciencia.fundaciondescubre.es\/somosbiodiversidadatarfe\/wp-content\/uploads\/sites\/10\/2016\/04\/mariposas.jpg\",\"width\":960,\"height\":720},{\"@type\":\"WebPage\",\"@id\":\"https:\/\/andaluciamejorconciencia.fundaciondescubre.es\/somosbiodiversidadatarfe\/es\/sobre-el-proyecto\/#webpage\",\"url\":\"https:\/\/andaluciamejorconciencia.fundaciondescubre.es\/somosbiodiversidadatarfe\/es\/sobre-el-proyecto\/\",\"name\":\"Sobre el proyecto - Somos biodiversidad Atarfe\",\"isPartOf\":{\"@id\":\"https:\/\/andaluciamejorconciencia.fundaciondescubre.es\/somosbiodiversidadatarfe\/#website\"},\"primaryImageOfPage\":{\"@id\":\"https:\/\/andaluciamejorconciencia.fundaciondescubre.es\/somosbiodiversidadatarfe\/es\/sobre-el-proyecto\/#primaryimage\"},\"datePublished\":\"2016-04-27T09:54:07+00:00\",\"dateModified\":\"2016-05-10T09:11:47+00:00\",\"breadcrumb\":{\"@id\":\"https:\/\/andaluciamejorconciencia.fundaciondescubre.es\/somosbiodiversidadatarfe\/es\/sobre-el-proyecto\/#breadcrumb\"},\"inLanguage\":\"es\",\"potentialAction\":[{\"@type\":\"ReadAction\",\"target\":[\"https:\/\/andaluciamejorconciencia.fundaciondescubre.es\/somosbiodiversidadatarfe\/es\/sobre-el-proyecto\/\"]}]},{\"@type\":\"BreadcrumbList\",\"@id\":\"https:\/\/andaluciamejorconciencia.fundaciondescubre.es\/somosbiodiversidadatarfe\/es\/sobre-el-proyecto\/#breadcrumb\",\"itemListElement\":[{\"@type\":\"ListItem\",\"position\":1,\"item\":{\"@type\":\"WebPage\",\"@id\":\"https:\/\/andaluciamejorconciencia.fundaciondescubre.es\/somosbiodiversidadatarfe\/\",\"url\":\"https:\/\/andaluciamejorconciencia.fundaciondescubre.es\/somosbiodiversidadatarfe\/\",\"name\":\"Portada\"}},{\"@type\":\"ListItem\",\"position\":2,\"item\":{\"@id\":\"https:\/\/andaluciamejorconciencia.fundaciondescubre.es\/somosbiodiversidadatarfe\/es\/sobre-el-proyecto\/#webpage\"}}]}]}<\/script>\n<!-- \/ Yoast SEO plugin. -->","_links":{"self":[{"href":"https:\/\/andaluciamejorconciencia.fundaciondescubre.es\/somosbiodiversidadatarfe\/wp-json\/wp\/v2\/pages\/107"}],"collection":[{"href":"https:\/\/andaluciamejorconciencia.fundaciondescubre.es\/somosbiodiversidadatarfe\/wp-json\/wp\/v2\/pages"}],"about":[{"href":"https:\/\/andaluciamejorconciencia.fundaciondescubre.es\/somosbiodiversidadatarfe\/wp-json\/wp\/v2\/types\/page"}],"author":[{"embeddable":true,"href":"https:\/\/andaluciamejorconciencia.fundaciondescubre.es\/somosbiodiversidadatarfe\/wp-json\/wp\/v2\/users\/1"}],"replies":[{"embeddable":true,"href":"https:\/\/andaluciamejorconciencia.fundaciondescubre.es\/somosbiodiversidadatarfe\/wp-json\/wp\/v2\/comments?post=107"}],"version-history":[{"count":5,"href":"https:\/\/andaluciamejorconciencia.fundaciondescubre.es\/somosbiodiversidadatarfe\/wp-json\/wp\/v2\/pages\/107\/revisions"}],"predecessor-version":[{"id":333,"href":"https:\/\/andaluciamejorconciencia.fundaciondescubre.es\/somosbiodiversidadatarfe\/wp-json\/wp\/v2\/pages\/107\/revisions\/333"}],"wp:attachment":[{"href":"https:\/\/andaluciamejorconciencia.fundaciondescubre.es\/somosbiodiversidadatarfe\/wp-json\/wp\/v2\/media?parent=107"}],"curies":[{"name":"wp","href":"https:\/\/api.w.org\/{rel}","templated":true}]}}