{"id":105,"date":"2016-04-27T09:51:52","date_gmt":"2016-04-27T09:51:52","guid":{"rendered":"https:\/\/andaluciamejorconciencia.fundaciondescubre.es\/somosbiodiversidadatarfe\/sobre-la-comunidad\/"},"modified":"2016-05-10T09:08:04","modified_gmt":"2016-05-10T09:08:04","slug":"sobre-la-comunidad","status":"publish","type":"page","link":"https:\/\/andaluciamejorconciencia.fundaciondescubre.es\/somosbiodiversidadatarfe\/es\/sobre-la-comunidad\/","title":{"rendered":"Sobre la comunidad"},"content":{"rendered":"<p>Somos un grupo de maestr@s que trabajamos en la localidad de Atarfe y compartimos la ilusi\u00f3n por la educaci\u00f3n. Hemos decidido embarcarnos en este proyecto colectivo porque creemos que el trabajo en equipo es la \u00fanica manera de conseguir alcanzar determinados objetivos, como el que perseguimos aqu\u00ed: mejorar la biodiversidad de nuestro entorno. Juntos podemos llegar mucho m\u00e1s lejos.<\/p>\n<p><a href=\"http:\/\/andaluciamejorconciencia.fundaciondescubre.es\/somosbiodiversidadatarfe\/wp-content\/uploads\/sites\/10\/2016\/04\/clase1.jpg\" rel=\"attachment wp-att-323\" data-rel=\"lightbox-image-0\" data-rl_title=\"\" data-rl_caption=\"\" title=\"\"><img loading=\"lazy\" class=\"alignnone size-full wp-image-323\" src=\"http:\/\/andaluciamejorconciencia.fundaciondescubre.es\/somosbiodiversidadatarfe\/wp-content\/uploads\/sites\/10\/2016\/04\/clase1.jpg\" alt=\"clase1\" width=\"1600\" height=\"1200\" srcset=\"https:\/\/andaluciamejorconciencia.fundaciondescubre.es\/somosbiodiversidadatarfe\/wp-content\/uploads\/sites\/10\/2016\/04\/clase1.jpg 1600w, https:\/\/andaluciamejorconciencia.fundaciondescubre.es\/somosbiodiversidadatarfe\/wp-content\/uploads\/sites\/10\/2016\/04\/clase1-300x225.jpg 300w, https:\/\/andaluciamejorconciencia.fundaciondescubre.es\/somosbiodiversidadatarfe\/wp-content\/uploads\/sites\/10\/2016\/04\/clase1-768x576.jpg 768w, https:\/\/andaluciamejorconciencia.fundaciondescubre.es\/somosbiodiversidadatarfe\/wp-content\/uploads\/sites\/10\/2016\/04\/clase1-1024x768.jpg 1024w, https:\/\/andaluciamejorconciencia.fundaciondescubre.es\/somosbiodiversidadatarfe\/wp-content\/uploads\/sites\/10\/2016\/04\/clase1-720x540.jpg 720w, https:\/\/andaluciamejorconciencia.fundaciondescubre.es\/somosbiodiversidadatarfe\/wp-content\/uploads\/sites\/10\/2016\/04\/clase1-1200x900.jpg 1200w\" sizes=\"(max-width: 709px) 85vw, (max-width: 909px) 67vw, (max-width: 1362px) 62vw, 840px\" \/><\/a><\/p>\n<p><em>Clase de 3 a\u00f1os B (se\u00f1o Sonia, CEIP ATALAYA)<\/em><\/p>\n<p><a href=\"http:\/\/andaluciamejorconciencia.fundaciondescubre.es\/somosbiodiversidadatarfe\/wp-content\/uploads\/sites\/10\/2016\/04\/clase2.jpg\" rel=\"attachment wp-att-324\" data-rel=\"lightbox-image-1\" data-rl_title=\"\" data-rl_caption=\"\" title=\"\"><img loading=\"lazy\" class=\"alignnone size-full wp-image-324\" src=\"http:\/\/andaluciamejorconciencia.fundaciondescubre.es\/somosbiodiversidadatarfe\/wp-content\/uploads\/sites\/10\/2016\/04\/clase2.jpg\" alt=\"clase2\" width=\"1600\" height=\"1200\" srcset=\"https:\/\/andaluciamejorconciencia.fundaciondescubre.es\/somosbiodiversidadatarfe\/wp-content\/uploads\/sites\/10\/2016\/04\/clase2.jpg 1600w, https:\/\/andaluciamejorconciencia.fundaciondescubre.es\/somosbiodiversidadatarfe\/wp-content\/uploads\/sites\/10\/2016\/04\/clase2-300x225.jpg 300w, https:\/\/andaluciamejorconciencia.fundaciondescubre.es\/somosbiodiversidadatarfe\/wp-content\/uploads\/sites\/10\/2016\/04\/clase2-768x576.jpg 768w, https:\/\/andaluciamejorconciencia.fundaciondescubre.es\/somosbiodiversidadatarfe\/wp-content\/uploads\/sites\/10\/2016\/04\/clase2-1024x768.jpg 1024w, https:\/\/andaluciamejorconciencia.fundaciondescubre.es\/somosbiodiversidadatarfe\/wp-content\/uploads\/sites\/10\/2016\/04\/clase2-720x540.jpg 720w, https:\/\/andaluciamejorconciencia.fundaciondescubre.es\/somosbiodiversidadatarfe\/wp-content\/uploads\/sites\/10\/2016\/04\/clase2-1200x900.jpg 1200w\" sizes=\"(max-width: 709px) 85vw, (max-width: 909px) 67vw, (max-width: 1362px) 62vw, 840px\" \/><\/a><\/p>\n<p><em>Clase de 4 a\u00f1os B de la bruja Marina (CEIP ATALYA)<\/em><\/p>\n<p><a href=\"http:\/\/andaluciamejorconciencia.fundaciondescubre.es\/somosbiodiversidadatarfe\/wp-content\/uploads\/sites\/10\/2016\/04\/clase3.jpg\" rel=\"attachment wp-att-326\" data-rel=\"lightbox-image-2\" data-rl_title=\"\" data-rl_caption=\"\" title=\"\"><img loading=\"lazy\" class=\"alignnone size-full wp-image-326\" src=\"http:\/\/andaluciamejorconciencia.fundaciondescubre.es\/somosbiodiversidadatarfe\/wp-content\/uploads\/sites\/10\/2016\/04\/clase3.jpg\" alt=\"clase3\" width=\"1600\" height=\"900\" srcset=\"https:\/\/andaluciamejorconciencia.fundaciondescubre.es\/somosbiodiversidadatarfe\/wp-content\/uploads\/sites\/10\/2016\/04\/clase3.jpg 1600w, https:\/\/andaluciamejorconciencia.fundaciondescubre.es\/somosbiodiversidadatarfe\/wp-content\/uploads\/sites\/10\/2016\/04\/clase3-300x169.jpg 300w, https:\/\/andaluciamejorconciencia.fundaciondescubre.es\/somosbiodiversidadatarfe\/wp-content\/uploads\/sites\/10\/2016\/04\/clase3-768x432.jpg 768w, https:\/\/andaluciamejorconciencia.fundaciondescubre.es\/somosbiodiversidadatarfe\/wp-content\/uploads\/sites\/10\/2016\/04\/clase3-1024x576.jpg 1024w, https:\/\/andaluciamejorconciencia.fundaciondescubre.es\/somosbiodiversidadatarfe\/wp-content\/uploads\/sites\/10\/2016\/04\/clase3-720x405.jpg 720w, https:\/\/andaluciamejorconciencia.fundaciondescubre.es\/somosbiodiversidadatarfe\/wp-content\/uploads\/sites\/10\/2016\/04\/clase3-1200x675.jpg 1200w\" sizes=\"(max-width: 709px) 85vw, (max-width: 909px) 67vw, (max-width: 1362px) 62vw, 840px\" \/><\/a><\/p>\n<p><em>Clase de 5 a\u00f1os de Los P\u00e1jaros (CEIP MEDINA ELVIRA)<\/em><\/p>\n<p><a href=\"http:\/\/andaluciamejorconciencia.fundaciondescubre.es\/somosbiodiversidadatarfe\/wp-content\/uploads\/sites\/10\/2016\/04\/clase4.jpg\" rel=\"attachment wp-att-327\" data-rel=\"lightbox-image-3\" data-rl_title=\"\" data-rl_caption=\"\" title=\"\"><img loading=\"lazy\" class=\"alignnone size-full wp-image-327\" src=\"http:\/\/andaluciamejorconciencia.fundaciondescubre.es\/somosbiodiversidadatarfe\/wp-content\/uploads\/sites\/10\/2016\/04\/clase4.jpg\" alt=\"clase4\" width=\"1600\" height=\"898\" srcset=\"https:\/\/andaluciamejorconciencia.fundaciondescubre.es\/somosbiodiversidadatarfe\/wp-content\/uploads\/sites\/10\/2016\/04\/clase4.jpg 1600w, https:\/\/andaluciamejorconciencia.fundaciondescubre.es\/somosbiodiversidadatarfe\/wp-content\/uploads\/sites\/10\/2016\/04\/clase4-300x168.jpg 300w, https:\/\/andaluciamejorconciencia.fundaciondescubre.es\/somosbiodiversidadatarfe\/wp-content\/uploads\/sites\/10\/2016\/04\/clase4-768x431.jpg 768w, https:\/\/andaluciamejorconciencia.fundaciondescubre.es\/somosbiodiversidadatarfe\/wp-content\/uploads\/sites\/10\/2016\/04\/clase4-1024x575.jpg 1024w, https:\/\/andaluciamejorconciencia.fundaciondescubre.es\/somosbiodiversidadatarfe\/wp-content\/uploads\/sites\/10\/2016\/04\/clase4-720x404.jpg 720w, https:\/\/andaluciamejorconciencia.fundaciondescubre.es\/somosbiodiversidadatarfe\/wp-content\/uploads\/sites\/10\/2016\/04\/clase4-1200x674.jpg 1200w\" sizes=\"(max-width: 709px) 85vw, (max-width: 909px) 67vw, (max-width: 1362px) 62vw, 840px\" \/><\/a><\/p>\n<p>Clase de 1\u00baC\u00a0(Maestro Jaime- CEIP ATALAYA)<\/p>\n<p><a href=\"http:\/\/andaluciamejorconciencia.fundaciondescubre.es\/somosbiodiversidadatarfe\/wp-content\/uploads\/sites\/10\/2016\/04\/clase5.jpg\" rel=\"attachment wp-att-328\" data-rel=\"lightbox-image-4\" data-rl_title=\"\" data-rl_caption=\"\" title=\"\"><img loading=\"lazy\" class=\"alignnone size-full wp-image-328\" src=\"http:\/\/andaluciamejorconciencia.fundaciondescubre.es\/somosbiodiversidadatarfe\/wp-content\/uploads\/sites\/10\/2016\/04\/clase5.jpg\" alt=\"clase5\" width=\"1600\" height=\"1200\" srcset=\"https:\/\/andaluciamejorconciencia.fundaciondescubre.es\/somosbiodiversidadatarfe\/wp-content\/uploads\/sites\/10\/2016\/04\/clase5.jpg 1600w, https:\/\/andaluciamejorconciencia.fundaciondescubre.es\/somosbiodiversidadatarfe\/wp-content\/uploads\/sites\/10\/2016\/04\/clase5-300x225.jpg 300w, https:\/\/andaluciamejorconciencia.fundaciondescubre.es\/somosbiodiversidadatarfe\/wp-content\/uploads\/sites\/10\/2016\/04\/clase5-768x576.jpg 768w, https:\/\/andaluciamejorconciencia.fundaciondescubre.es\/somosbiodiversidadatarfe\/wp-content\/uploads\/sites\/10\/2016\/04\/clase5-1024x768.jpg 1024w, https:\/\/andaluciamejorconciencia.fundaciondescubre.es\/somosbiodiversidadatarfe\/wp-content\/uploads\/sites\/10\/2016\/04\/clase5-720x540.jpg 720w, https:\/\/andaluciamejorconciencia.fundaciondescubre.es\/somosbiodiversidadatarfe\/wp-content\/uploads\/sites\/10\/2016\/04\/clase5-1200x900.jpg 1200w\" sizes=\"(max-width: 709px) 85vw, (max-width: 909px) 67vw, (max-width: 1362px) 62vw, 840px\" \/><\/a><\/p>\n<p><em>Clase de 1\u00baD\u00a0\u00a0(Se\u00f1o Mari Trini, CEIP ATALAYA)<\/em><\/p>\n<p><a href=\"http:\/\/andaluciamejorconciencia.fundaciondescubre.es\/somosbiodiversidadatarfe\/wp-content\/uploads\/sites\/10\/2016\/04\/clase6.jpg\" rel=\"attachment wp-att-329\" data-rel=\"lightbox-image-5\" data-rl_title=\"\" data-rl_caption=\"\" title=\"\"><img loading=\"lazy\" width=\"1600\" height=\"1065\" class=\"alignnone size-full wp-image-329\" src=\"http:\/\/andaluciamejorconciencia.fundaciondescubre.es\/somosbiodiversidadatarfe\/wp-content\/uploads\/sites\/10\/2016\/04\/clase6.jpg\" alt=\"clase6\" srcset=\"https:\/\/andaluciamejorconciencia.fundaciondescubre.es\/somosbiodiversidadatarfe\/wp-content\/uploads\/sites\/10\/2016\/04\/clase6.jpg 1600w, https:\/\/andaluciamejorconciencia.fundaciondescubre.es\/somosbiodiversidadatarfe\/wp-content\/uploads\/sites\/10\/2016\/04\/clase6-300x200.jpg 300w, https:\/\/andaluciamejorconciencia.fundaciondescubre.es\/somosbiodiversidadatarfe\/wp-content\/uploads\/sites\/10\/2016\/04\/clase6-768x511.jpg 768w, https:\/\/andaluciamejorconciencia.fundaciondescubre.es\/somosbiodiversidadatarfe\/wp-content\/uploads\/sites\/10\/2016\/04\/clase6-1024x682.jpg 1024w, https:\/\/andaluciamejorconciencia.fundaciondescubre.es\/somosbiodiversidadatarfe\/wp-content\/uploads\/sites\/10\/2016\/04\/clase6-285x190.jpg 285w, https:\/\/andaluciamejorconciencia.fundaciondescubre.es\/somosbiodiversidadatarfe\/wp-content\/uploads\/sites\/10\/2016\/04\/clase6-720x479.jpg 720w, https:\/\/andaluciamejorconciencia.fundaciondescubre.es\/somosbiodiversidadatarfe\/wp-content\/uploads\/sites\/10\/2016\/04\/clase6-1200x799.jpg 1200w\" sizes=\"(max-width: 709px) 85vw, (max-width: 909px) 67vw, (max-width: 1362px) 62vw, 840px\" \/><\/a><\/p>\n<p><em>Clase de futuros cient\u00edficos.\u00a02\u00ba B CEIP ATALAYA (ATARFE)<\/em><\/p>\n","protected":false},"excerpt":{"rendered":"<p>Somos un grupo de maestr@s que trabajamos en la localidad de Atarfe y compartimos la ilusi\u00f3n por la educaci\u00f3n. Hemos decidido embarcarnos en este proyecto colectivo porque creemos que el trabajo en equipo es la \u00fanica manera de conseguir alcanzar determinados objetivos, como el que perseguimos aqu\u00ed: mejorar la biodiversidad de nuestro entorno. Juntos podemos &hellip; <a href=\"https:\/\/andaluciamejorconciencia.fundaciondescubre.es\/somosbiodiversidadatarfe\/es\/sobre-la-comunidad\/\" class=\"more-link\">Continuar leyendo<span class=\"screen-reader-text\"> &#8220;Sobre la comunidad&#8221;<\/span><\/a><\/p>\n","protected":false},"author":1,"featured_media":0,"parent":0,"menu_order":0,"comment_status":"closed","ping_status":"closed","template":"","meta":[],"yoast_head":"<!-- This site is optimized with the Yoast SEO plugin v16.4 - https:\/\/yoast.com\/wordpress\/plugins\/seo\/ -->\n<title>Sobre la comunidad - Somos biodiversidad Atarfe<\/title>\n<meta name=\"robots\" content=\"index, follow, max-snippet:-1, max-image-preview:large, max-video-preview:-1\" \/>\n<link rel=\"canonical\" href=\"https:\/\/andaluciamejorconciencia.fundaciondescubre.es\/somosbiodiversidadatarfe\/es\/sobre-la-comunidad\/\" \/>\n<meta property=\"og:locale\" content=\"es_ES\" \/>\n<meta property=\"og:type\" content=\"article\" \/>\n<meta property=\"og:title\" content=\"Sobre la comunidad - Somos biodiversidad Atarfe\" \/>\n<meta property=\"og:description\" content=\"Somos un grupo de maestr@s que trabajamos en la localidad de Atarfe y compartimos la ilusi\u00f3n por la educaci\u00f3n. Hemos decidido embarcarnos en este proyecto colectivo porque creemos que el trabajo en equipo es la \u00fanica manera de conseguir alcanzar determinados objetivos, como el que perseguimos aqu\u00ed: mejorar la biodiversidad de nuestro entorno. Juntos podemos &hellip; Continuar leyendo &quot;Sobre la comunidad&quot;\" \/>\n<meta property=\"og:url\" content=\"https:\/\/andaluciamejorconciencia.fundaciondescubre.es\/somosbiodiversidadatarfe\/es\/sobre-la-comunidad\/\" \/>\n<meta property=\"og:site_name\" content=\"Somos biodiversidad Atarfe\" \/>\n<meta property=\"article:modified_time\" content=\"2016-05-10T09:08:04+00:00\" \/>\n<meta property=\"og:image\" content=\"http:\/\/andaluciamejorconciencia.fundaciondescubre.es\/somosbiodiversidadatarfe\/wp-content\/uploads\/sites\/10\/2016\/04\/clase1.jpg\" \/>\n<meta name=\"twitter:card\" content=\"summary\" \/>\n<meta name=\"twitter:label1\" content=\"Tiempo de lectura\" \/>\n\t<meta name=\"twitter:data1\" content=\"1 minuto\" \/>\n<script type=\"application\/ld+json\" class=\"yoast-schema-graph\">{\"@context\":\"https:\/\/schema.org\",\"@graph\":[{\"@type\":\"WebSite\",\"@id\":\"https:\/\/andaluciamejorconciencia.fundaciondescubre.es\/somosbiodiversidadatarfe\/#website\",\"url\":\"https:\/\/andaluciamejorconciencia.fundaciondescubre.es\/somosbiodiversidadatarfe\/\",\"name\":\"Somos biodiversidad Atarfe\",\"description\":\"\",\"potentialAction\":[{\"@type\":\"SearchAction\",\"target\":\"https:\/\/andaluciamejorconciencia.fundaciondescubre.es\/somosbiodiversidadatarfe\/?s={search_term_string}\",\"query-input\":\"required name=search_term_string\"}],\"inLanguage\":\"es\"},{\"@type\":\"ImageObject\",\"@id\":\"https:\/\/andaluciamejorconciencia.fundaciondescubre.es\/somosbiodiversidadatarfe\/es\/sobre-la-comunidad\/#primaryimage\",\"inLanguage\":\"es\",\"url\":\"http:\/\/andaluciamejorconciencia.fundaciondescubre.es\/somosbiodiversidadatarfe\/wp-content\/uploads\/sites\/10\/2016\/04\/clase1.jpg\",\"contentUrl\":\"http:\/\/andaluciamejorconciencia.fundaciondescubre.es\/somosbiodiversidadatarfe\/wp-content\/uploads\/sites\/10\/2016\/04\/clase1.jpg\"},{\"@type\":\"WebPage\",\"@id\":\"https:\/\/andaluciamejorconciencia.fundaciondescubre.es\/somosbiodiversidadatarfe\/es\/sobre-la-comunidad\/#webpage\",\"url\":\"https:\/\/andaluciamejorconciencia.fundaciondescubre.es\/somosbiodiversidadatarfe\/es\/sobre-la-comunidad\/\",\"name\":\"Sobre la comunidad - Somos biodiversidad Atarfe\",\"isPartOf\":{\"@id\":\"https:\/\/andaluciamejorconciencia.fundaciondescubre.es\/somosbiodiversidadatarfe\/#website\"},\"primaryImageOfPage\":{\"@id\":\"https:\/\/andaluciamejorconciencia.fundaciondescubre.es\/somosbiodiversidadatarfe\/es\/sobre-la-comunidad\/#primaryimage\"},\"datePublished\":\"2016-04-27T09:51:52+00:00\",\"dateModified\":\"2016-05-10T09:08:04+00:00\",\"breadcrumb\":{\"@id\":\"https:\/\/andaluciamejorconciencia.fundaciondescubre.es\/somosbiodiversidadatarfe\/es\/sobre-la-comunidad\/#breadcrumb\"},\"inLanguage\":\"es\",\"potentialAction\":[{\"@type\":\"ReadAction\",\"target\":[\"https:\/\/andaluciamejorconciencia.fundaciondescubre.es\/somosbiodiversidadatarfe\/es\/sobre-la-comunidad\/\"]}]},{\"@type\":\"BreadcrumbList\",\"@id\":\"https:\/\/andaluciamejorconciencia.fundaciondescubre.es\/somosbiodiversidadatarfe\/es\/sobre-la-comunidad\/#breadcrumb\",\"itemListElement\":[{\"@type\":\"ListItem\",\"position\":1,\"item\":{\"@type\":\"WebPage\",\"@id\":\"https:\/\/andaluciamejorconciencia.fundaciondescubre.es\/somosbiodiversidadatarfe\/\",\"url\":\"https:\/\/andaluciamejorconciencia.fundaciondescubre.es\/somosbiodiversidadatarfe\/\",\"name\":\"Portada\"}},{\"@type\":\"ListItem\",\"position\":2,\"item\":{\"@id\":\"https:\/\/andaluciamejorconciencia.fundaciondescubre.es\/somosbiodiversidadatarfe\/es\/sobre-la-comunidad\/#webpage\"}}]}]}<\/script>\n<!-- \/ Yoast SEO plugin. -->","_links":{"self":[{"href":"https:\/\/andaluciamejorconciencia.fundaciondescubre.es\/somosbiodiversidadatarfe\/wp-json\/wp\/v2\/pages\/105"}],"collection":[{"href":"https:\/\/andaluciamejorconciencia.fundaciondescubre.es\/somosbiodiversidadatarfe\/wp-json\/wp\/v2\/pages"}],"about":[{"href":"https:\/\/andaluciamejorconciencia.fundaciondescubre.es\/somosbiodiversidadatarfe\/wp-json\/wp\/v2\/types\/page"}],"author":[{"embeddable":true,"href":"https:\/\/andaluciamejorconciencia.fundaciondescubre.es\/somosbiodiversidadatarfe\/wp-json\/wp\/v2\/users\/1"}],"replies":[{"embeddable":true,"href":"https:\/\/andaluciamejorconciencia.fundaciondescubre.es\/somosbiodiversidadatarfe\/wp-json\/wp\/v2\/comments?post=105"}],"version-history":[{"count":7,"href":"https:\/\/andaluciamejorconciencia.fundaciondescubre.es\/somosbiodiversidadatarfe\/wp-json\/wp\/v2\/pages\/105\/revisions"}],"predecessor-version":[{"id":332,"href":"https:\/\/andaluciamejorconciencia.fundaciondescubre.es\/somosbiodiversidadatarfe\/wp-json\/wp\/v2\/pages\/105\/revisions\/332"}],"wp:attachment":[{"href":"https:\/\/andaluciamejorconciencia.fundaciondescubre.es\/somosbiodiversidadatarfe\/wp-json\/wp\/v2\/media?parent=105"}],"curies":[{"name":"wp","href":"https:\/\/api.w.org\/{rel}","templated":true}]}}