{"id":9,"date":"2021-11-18T09:58:20","date_gmt":"2021-11-18T09:58:20","guid":{"rendered":"https:\/\/andaluciamejorconciencia.fundaciondescubre.es\/planeta-bienestar\/sobre-la-comunidad\/"},"modified":"2022-02-04T10:03:22","modified_gmt":"2022-02-04T10:03:22","slug":"sobre-la-comunidad","status":"publish","type":"page","link":"https:\/\/andaluciamejorconciencia.fundaciondescubre.es\/planta-bienestar\/es\/sobre-la-comunidad\/","title":{"rendered":"Sobre la comunidad"},"content":{"rendered":"\r\n<p>En el proyecto <strong>P<\/strong>lanta <strong>b<\/strong>ienestar, que se realiza con los alumnos de 2\u00ba de Bachillerato y la colaboraci\u00f3n de otros estudiantes del centro, pretendemos hacer un estudio sobre la mejora de la calidad del terreno que se aprovecha como huertos urbanos en el Parque de Miraflores, empleando distintas t\u00e9cnicas de fitorremediaci\u00f3n. Dicho proyecto ser\u00e1 multidisciplinar y, adem\u00e1s de contar con la colaboraci\u00f3n de distintos profesores y grupos de alumnos del centro, se pretende implicar a la ciudadan\u00eda del barrio, en distintas fases de proceso. El trabajo consta de varias fases:<\/p>\r\n\r\n\r\n\r\n<p>En primer lugar, y partiendo de la constataci\u00f3n de la presencia de contaminantes en el suelo que se utiliza como terreno de huerto urbano del parque Miraflores, se har\u00e1 una recogida de muestra de suelo que ser\u00e1 analizado en el IRNAS. A su vez, el alumnado realizar\u00e1 un trabajo de investigaci\u00f3n sobre las posibles causas de la contaminaci\u00f3n. Dicha investigaci\u00f3n se har\u00e1 con la b\u00fasqueda en distintos medios de informaci\u00f3n, as\u00ed como con la ayuda ciudadana, realizando encuestas a los vecinos y vecinas pr\u00f3ximos al parque, y a los usuarios del propio huerto.<\/p>\r\n\r\n\r\n\r\n<p>En la fase de experimentaci\u00f3n, con el asesoramiento del cient\u00edfico investigador D. Rafael L\u00f3pez N\u00fa\u00f1ez (IRNAS-CSIC), se har\u00e1n distintas parcelas en el huerto, para investigar c\u00f3mo mejora la calidad del suelo usando distintas medidas, como el uso de cenizas alcalinas, o distintos tipos de plantas, fijadoras o bloqueantes.<\/p>\r\n\r\n\r\n\r\n<p>En la fase de recogida de datos y an\u00e1lisis de los mismos se tratar\u00e1 de extraer conclusiones sobre los resultados obtenidos en las distintas parcelas de investigaci\u00f3n.<\/p>\r\n\r\n\r\n\r\n<p>Por \u00faltimo, se dar\u00e1 difusi\u00f3n tanto al proceso realizado como a los datos obtenidos. En esta fase de divulgaci\u00f3n se realizar\u00e1n jornadas, en el centro o en el propio parque, donde a partir de paneles e ilustraciones, se explique al vecindario el estudio realizado y las conclusiones a las que hemos llegado. Tambi\u00e9n se presentar\u00e1 el trabajo tanto a compa\u00f1eros y alumnos de nuestro centro como a compa\u00f1eros y alumnos de otros centros.<\/p>\r\n\r\n\r\n\r\n<p>Adem\u00e1s, se realizar\u00e1n maquetas, paneles y distintos tipos de experimentos, para mostrar el trabajo realizado y darlos a conocer en el stand de la Diputaci\u00f3n de Sevilla de la Feria de la Ciencia.<\/p>\r\n<p>&nbsp;<\/p>\r\n","protected":false},"excerpt":{"rendered":"<p>En el proyecto Planta bienestar, que se realiza con los alumnos de 2\u00ba de Bachillerato y la colaboraci\u00f3n de otros estudiantes del centro, pretendemos hacer un estudio sobre la mejora de la calidad del terreno que se aprovecha como huertos urbanos en el Parque de Miraflores, empleando distintas t\u00e9cnicas de fitorremediaci\u00f3n. Dicho proyecto ser\u00e1 multidisciplinar &hellip; <a href=\"https:\/\/andaluciamejorconciencia.fundaciondescubre.es\/planta-bienestar\/es\/sobre-la-comunidad\/\" class=\"more-link\">Continuar leyendo<span class=\"screen-reader-text\"> &#8220;Sobre la comunidad&#8221;<\/span><\/a><\/p>\n","protected":false},"author":1,"featured_media":0,"parent":0,"menu_order":0,"comment_status":"closed","ping_status":"closed","template":"","meta":[],"yoast_head":"<!-- This site is optimized with the Yoast SEO plugin v16.4 - https:\/\/yoast.com\/wordpress\/plugins\/seo\/ -->\n<title>Sobre la comunidad - Planta bienestar<\/title>\n<meta name=\"description\" content=\"ciencia ciudadana, huerto escolar, andaluc\u00eda mejor con ciencia,\" \/>\n<meta name=\"robots\" content=\"index, follow, max-snippet:-1, max-image-preview:large, max-video-preview:-1\" \/>\n<link rel=\"canonical\" href=\"https:\/\/andaluciamejorconciencia.fundaciondescubre.es\/planta-bienestar\/es\/sobre-la-comunidad\/\" \/>\n<meta property=\"og:locale\" content=\"es_ES\" \/>\n<meta property=\"og:type\" content=\"article\" \/>\n<meta property=\"og:title\" content=\"Sobre la comunidad - Planta bienestar\" \/>\n<meta property=\"og:description\" content=\"ciencia ciudadana, huerto escolar, andaluc\u00eda mejor con ciencia,\" \/>\n<meta property=\"og:url\" content=\"https:\/\/andaluciamejorconciencia.fundaciondescubre.es\/planta-bienestar\/es\/sobre-la-comunidad\/\" \/>\n<meta property=\"og:site_name\" content=\"Planta bienestar\" \/>\n<meta property=\"article:modified_time\" content=\"2022-02-04T10:03:22+00:00\" \/>\n<meta name=\"twitter:card\" content=\"summary_large_image\" \/>\n<meta name=\"twitter:label1\" content=\"Tiempo de lectura\" \/>\n\t<meta name=\"twitter:data1\" content=\"2 minutos\" \/>\n<script type=\"application\/ld+json\" class=\"yoast-schema-graph\">{\"@context\":\"https:\/\/schema.org\",\"@graph\":[{\"@type\":\"WebSite\",\"@id\":\"https:\/\/andaluciamejorconciencia.fundaciondescubre.es\/planta-bienestar\/#website\",\"url\":\"https:\/\/andaluciamejorconciencia.fundaciondescubre.es\/planta-bienestar\/\",\"name\":\"Planta bienestar\",\"description\":\"Andaluc\\u00eda mejor con ciencia\",\"potentialAction\":[{\"@type\":\"SearchAction\",\"target\":\"https:\/\/andaluciamejorconciencia.fundaciondescubre.es\/planta-bienestar\/?s={search_term_string}\",\"query-input\":\"required name=search_term_string\"}],\"inLanguage\":\"es\"},{\"@type\":\"WebPage\",\"@id\":\"https:\/\/andaluciamejorconciencia.fundaciondescubre.es\/planta-bienestar\/es\/sobre-la-comunidad\/#webpage\",\"url\":\"https:\/\/andaluciamejorconciencia.fundaciondescubre.es\/planta-bienestar\/es\/sobre-la-comunidad\/\",\"name\":\"Sobre la comunidad - Planta bienestar\",\"isPartOf\":{\"@id\":\"https:\/\/andaluciamejorconciencia.fundaciondescubre.es\/planta-bienestar\/#website\"},\"datePublished\":\"2021-11-18T09:58:20+00:00\",\"dateModified\":\"2022-02-04T10:03:22+00:00\",\"description\":\"ciencia ciudadana, huerto escolar, andaluc\\u00eda mejor con ciencia,\",\"breadcrumb\":{\"@id\":\"https:\/\/andaluciamejorconciencia.fundaciondescubre.es\/planta-bienestar\/es\/sobre-la-comunidad\/#breadcrumb\"},\"inLanguage\":\"es\",\"potentialAction\":[{\"@type\":\"ReadAction\",\"target\":[\"https:\/\/andaluciamejorconciencia.fundaciondescubre.es\/planta-bienestar\/es\/sobre-la-comunidad\/\"]}]},{\"@type\":\"BreadcrumbList\",\"@id\":\"https:\/\/andaluciamejorconciencia.fundaciondescubre.es\/planta-bienestar\/es\/sobre-la-comunidad\/#breadcrumb\",\"itemListElement\":[{\"@type\":\"ListItem\",\"position\":1,\"item\":{\"@type\":\"WebPage\",\"@id\":\"https:\/\/andaluciamejorconciencia.fundaciondescubre.es\/planta-bienestar\/\",\"url\":\"https:\/\/andaluciamejorconciencia.fundaciondescubre.es\/planta-bienestar\/\",\"name\":\"Portada\"}},{\"@type\":\"ListItem\",\"position\":2,\"item\":{\"@id\":\"https:\/\/andaluciamejorconciencia.fundaciondescubre.es\/planta-bienestar\/es\/sobre-la-comunidad\/#webpage\"}}]}]}<\/script>\n<!-- \/ Yoast SEO plugin. -->","_links":{"self":[{"href":"https:\/\/andaluciamejorconciencia.fundaciondescubre.es\/planta-bienestar\/wp-json\/wp\/v2\/pages\/9"}],"collection":[{"href":"https:\/\/andaluciamejorconciencia.fundaciondescubre.es\/planta-bienestar\/wp-json\/wp\/v2\/pages"}],"about":[{"href":"https:\/\/andaluciamejorconciencia.fundaciondescubre.es\/planta-bienestar\/wp-json\/wp\/v2\/types\/page"}],"author":[{"embeddable":true,"href":"https:\/\/andaluciamejorconciencia.fundaciondescubre.es\/planta-bienestar\/wp-json\/wp\/v2\/users\/1"}],"replies":[{"embeddable":true,"href":"https:\/\/andaluciamejorconciencia.fundaciondescubre.es\/planta-bienestar\/wp-json\/wp\/v2\/comments?post=9"}],"version-history":[{"count":4,"href":"https:\/\/andaluciamejorconciencia.fundaciondescubre.es\/planta-bienestar\/wp-json\/wp\/v2\/pages\/9\/revisions"}],"predecessor-version":[{"id":95,"href":"https:\/\/andaluciamejorconciencia.fundaciondescubre.es\/planta-bienestar\/wp-json\/wp\/v2\/pages\/9\/revisions\/95"}],"wp:attachment":[{"href":"https:\/\/andaluciamejorconciencia.fundaciondescubre.es\/planta-bienestar\/wp-json\/wp\/v2\/media?parent=9"}],"curies":[{"name":"wp","href":"https:\/\/api.w.org\/{rel}","templated":true}]}}