{"id":43,"date":"2016-04-27T10:51:23","date_gmt":"2016-04-27T10:51:23","guid":{"rendered":"https:\/\/andaluciamejorconciencia.fundaciondescubre.es\/mojateporelrio\/?page_id=43"},"modified":"2016-04-27T10:51:23","modified_gmt":"2016-04-27T10:51:23","slug":"sobre-el-proyecto","status":"publish","type":"page","link":"https:\/\/andaluciamejorconciencia.fundaciondescubre.es\/mojateporelrio\/es\/sobre-el-proyecto\/","title":{"rendered":"Sobre el proyecto"},"content":{"rendered":"<p><strong><em>RESUMEN<\/em><\/strong><\/p>\n<p>El proyecto que se va a llevar a cabo en el tramo del r\u00edo Cabra que atraviesa la localidad con su mismo nombre pretende devolver al r\u00edo la gran biodiversidad que ten\u00eda hace a\u00f1os.<\/p>\n<p>Nuestros padres y abuelos nos han contado cientos de historias de cuando paseaban por el r\u00edo e iban a pescar cangrejos. Nos cuentan que hab\u00eda peces, tortugas, culebras, ranas, aves, pero los j\u00f3venes por desgracia no podemos saber de lo que hablan puesto que el r\u00edo se ha deteriorado enormemente en escasas d\u00e9cadas.<\/p>\n<p>El paso de los a\u00f1os, las nuevas generaciones, unas nuevas normativas, los nuevos usos del campo y otras causas que se escapan de nuestro conocimiento han hecho que lo que era un bello r\u00edo de aguas cristalinas se haya convertido en un basurero.<\/p>\n<p>Es importante que todos los vecinos y agentes del pueblo se vean implicados para que vean de primera mano c\u00f3mo se encuentra su preciado r\u00edo y se decidan a hacer realmente algo por \u00e9l.<\/p>\n<p><em><strong>JUSTIFICACI\u00d3N<\/strong><\/em><\/p>\n<p>Los r\u00edos de Cabra reflejan el r\u00e9gimen irregular de lluvias, presentando en ocasiones agudos estiajes que pueden cambiar s\u00fabitamente en torrenciales crecidas. Pero este car\u00e1cter mediterr\u00e1neo est\u00e1 matizado por los acu\u00edferos del Macizo de Cabra que act\u00faa de regulador de las aguas de lluvia y les da la posibilidad de mantener unos cursos suficientes para crear riberas de frescas arboledas y proporcionar h\u00e1bitats a peces, como es el caso del arroyo Santa Mar\u00eda, y a una rica variedad de aves.<\/p>\n<p>El r\u00edo Cabra, el m\u00e1s caudaloso por la importancia de sus fuentes, recoge toda la red de drenajes natural y conduce sus aguas al r\u00edo Guadalquivir a trav\u00e9s del r\u00edo Genil, con el que toma contacto lejos de nuestro t\u00e9rmino, a unos 14 kil\u00f3metros de \u00c9cija. En su curso m\u00e1s alto el r\u00edo Cabra es un torrente, el arroyo de La Perdiz, que se inicia en el Acebuchal, baja junto al Camino Viejo de Priego y en el nivel de entrada al llano (cota: 500 metros) vierten en \u00e9l los manantiales de la Fuente del R\u00edo. Inmediatamente se le une por la izquierda el arroyo que viene del manantial de Jarcas, y a la salida del pueblo el torrente que baja del Chorr\u00f3n o arroyo de la Tejera se une por su margen derecha. Las aguas al norte del r\u00edo Cabra est\u00e1n recogidas por el Santa Mar\u00eda, desde Camarena a La Benita. En su camino hacia el oeste el r\u00edo Cabra recoge otros dos afluentes\u00a0 por su margen izquierda, el Granadillo y el Galindo.<\/p>\n<p>El entorno geogr\u00e1fico egabrense supone un patrimonio natural cuyo valor, al margen de cualquier c\u00e1lculo material, estriba en ser el espacio natural donde nuestras vidas se desarrollan y donde vivir\u00e1n nuestros hijos. Constituye el escenario, el paisaje que nos acompa\u00f1a, a\u00fan sin percibirlo conscientemente. Esta belleza que resaltamos tiene su fundamento f\u00edsico en el valor paisaj\u00edstico y recreativo de la zona serrana y en la ubicaci\u00f3n del pueblo al pie de ella. En la confluencia de sierra y llano, los manantiales y las huertas, ofrecen un perfecto lugar donde vivir.<\/p>\n<p>La huerta ha sido y es un pilar importante de la econom\u00eda egabrense por su producci\u00f3n y por el numeroso colectivo de hortelanos. Se extiende a lo largo de todo el r\u00edo Cabra y en algunas orillas de sus afluentes. En general donde haya un manantial o pozo abundante se han cultivado hortalizas. Es parte fundamental del paisaje egabrense en toda la vega del r\u00edo y en la ciudad, a la que de forma natural adorna y refresca. Los distintos pagos est\u00e1n regados por una red de acequias, cuyo origen arranca en la \u00e9poca musulmana, que toman sus aguas del r\u00edo o de manantiales. Forman las huertas altas, situadas por encima del nivel de salida de las aguas de la ciudad, y las huertas bajas, que acompa\u00f1an al r\u00edo hasta su salida del t\u00e9rmino.<\/p>\n<p>La huerta se ve amenazada por una serie de problemas entre los que destacan la contaminaci\u00f3n de las aguas residuales y la amenaza que la construcci\u00f3n ejerce continuamente sobre las huertas altas. Desde un punto de vista social, la poblaci\u00f3n hortelana adolece de falta de juventud para el trabajo. Por otra parte, la l\u00f3gica herencia entre varios hijos con otra dedicaci\u00f3n acaba con la tradici\u00f3n agr\u00edcola.<\/p>\n<p><strong><em>OBJETIVOS<\/em><\/strong><\/p>\n<p>Con este proyecto pretendemos que la poblaci\u00f3n egabrense compruebe el penoso estado en el que se encuentra el r\u00edo Cabra, del que obtienen agua para beber y para regar sus preciadas huertas y que se den cuenta de que \u00e9ste no puede seguir as\u00ed. Tratamos de recuperar el estado natural del r\u00edo Cabra a su paso por la ciudad en la que nace (Cabra) con ayuda de las administraciones locales y regionales pertinentes. Queremos que la comunidad educativa participe de forma activa en el proyecto y que los ni\u00f1os vean de primera mano el problema que tiene el r\u00edo Cabra.<\/p>\n<p><strong>Objetivos generales<\/strong><\/p>\n<ul>\n<li>Participar activamente en un proceso de conocimiento y mejora del r\u00edo Cabra, a trav\u00e9s de un proyecto de car\u00e1cter cient\u00edfico que pretende conseguir un mayor conocimiento y puesta en valor del r\u00edo Cabra mediante el muestreo de macroinvertebrados acu\u00e1ticos y su uso como bioindicadores del estado de salud del r\u00edo.<\/li>\n<li>Implicaci\u00f3n de la comunidad educativa, ense\u00f1ando a los ni\u00f1os distintos aspectos del medio acu\u00e1tico de su localidad (Cabra).<\/li>\n<li>Sensibilizar, en especial, a la poblaci\u00f3n egabrense del estado del r\u00edo y explicarle las consecuencias que esto acarrea.<\/li>\n<\/ul>\n<p><strong>Objetivos espec\u00edficos<\/strong><\/p>\n<ul>\n<li>Organizar una serie de voluntariados de limpieza del r\u00edo Cabra.<\/li>\n<li>Explicar en las clases de primaria y\/o secundaria el estado del r\u00edo y lo importante que es su conservaci\u00f3n. Hablar sobre las especies invasoras y las aut\u00f3ctonas que viven en \u00e9l para que aprendan a diferenciarlas.<\/li>\n<li>Retirar especies ex\u00f3ticas invasoras (p.ej. <em>Arundo donax<\/em>) del tramo del r\u00edo Cabra que comienza tras las piscinas municipales hasta el primer puente que pasa sobre el r\u00edo.<\/li>\n<li>Realizar una repoblaci\u00f3n de esa misma zona del r\u00edo con plantas aut\u00f3ctonas.<\/li>\n<li>Realizar muestreos de macroinvertebrados as\u00ed como an\u00e1lisis del agua del r\u00edo Cabra en distintos puntos de \u00e9ste.<\/li>\n<li>Controlar las especies animales existentes en el r\u00edo y compararlas con registros anteriores.<\/li>\n<\/ul>\n<p><strong><em>AGENTES SOCIALES IMPLICADOS<\/em><\/strong><\/p>\n<ul>\n<li>Asociaci\u00f3n \u2018N\u00e1yade del Sur\u2019<\/li>\n<li>Ilustr\u00edsimo Ayuntamiento de Cabra<\/li>\n<li>IES Felipe Solis Villechenous<\/li>\n<li>IES Dionisio Alcal\u00e1 Galiano<\/li>\n<li>New World Studios<\/li>\n<\/ul>\n<p><strong><em>ENTIDADES COLABORADORAS<\/em><\/strong><\/p>\n<ul>\n<li>Fundaci\u00f3n Descubre<\/li>\n<li>Asociaci\u00f3n \u2018Cabra en el Recuerdo\u2019<\/li>\n<li>Viveros G\u00f3mez<\/li>\n<li>Viveros \u2018El Gale\u00f3n\u2019<\/li>\n<li>Universidad de C\u00f3rdoba<\/li>\n<li>Confederaci\u00f3n Hidrogr\u00e1fica del Guadalquivir<\/li>\n<li>Consejer\u00eda de Medio Ambiente y Territorio de la Junta de Andaluc\u00eda.<\/li>\n<\/ul>\n","protected":false},"excerpt":{"rendered":"<p>RESUMEN El proyecto que se va a llevar a cabo en el tramo del r\u00edo Cabra que atraviesa la localidad con su mismo nombre pretende devolver al r\u00edo la gran biodiversidad que ten\u00eda hace a\u00f1os. Nuestros padres y abuelos nos han contado cientos de historias de cuando paseaban por el r\u00edo e iban a pescar &hellip; <a href=\"https:\/\/andaluciamejorconciencia.fundaciondescubre.es\/mojateporelrio\/es\/sobre-el-proyecto\/\" class=\"more-link\">Continuar leyendo<span class=\"screen-reader-text\"> &#8220;Sobre el proyecto&#8221;<\/span><\/a><\/p>\n","protected":false},"author":1,"featured_media":0,"parent":0,"menu_order":0,"comment_status":"closed","ping_status":"closed","template":"","meta":[],"yoast_head":"<!-- This site is optimized with the Yoast SEO plugin v16.4 - https:\/\/yoast.com\/wordpress\/plugins\/seo\/ -->\n<title>Sobre el proyecto - M\u00f3jate por el r\u00edo<\/title>\n<meta name=\"robots\" content=\"index, follow, max-snippet:-1, max-image-preview:large, max-video-preview:-1\" \/>\n<link rel=\"canonical\" href=\"https:\/\/andaluciamejorconciencia.fundaciondescubre.es\/mojateporelrio\/es\/sobre-el-proyecto\/\" \/>\n<meta property=\"og:locale\" content=\"es_ES\" \/>\n<meta property=\"og:type\" content=\"article\" \/>\n<meta property=\"og:title\" content=\"Sobre el proyecto - M\u00f3jate por el r\u00edo\" \/>\n<meta property=\"og:description\" content=\"RESUMEN El proyecto que se va a llevar a cabo en el tramo del r\u00edo Cabra que atraviesa la localidad con su mismo nombre pretende devolver al r\u00edo la gran biodiversidad que ten\u00eda hace a\u00f1os. Nuestros padres y abuelos nos han contado cientos de historias de cuando paseaban por el r\u00edo e iban a pescar &hellip; Continuar leyendo &quot;Sobre el proyecto&quot;\" \/>\n<meta property=\"og:url\" content=\"https:\/\/andaluciamejorconciencia.fundaciondescubre.es\/mojateporelrio\/es\/sobre-el-proyecto\/\" \/>\n<meta property=\"og:site_name\" content=\"M\u00f3jate por el r\u00edo\" \/>\n<meta name=\"twitter:card\" content=\"summary\" \/>\n<meta name=\"twitter:label1\" content=\"Tiempo de lectura\" \/>\n\t<meta name=\"twitter:data1\" content=\"6 minutos\" \/>\n<script type=\"application\/ld+json\" class=\"yoast-schema-graph\">{\"@context\":\"https:\/\/schema.org\",\"@graph\":[{\"@type\":\"WebSite\",\"@id\":\"https:\/\/andaluciamejorconciencia.fundaciondescubre.es\/mojateporelrio\/#website\",\"url\":\"https:\/\/andaluciamejorconciencia.fundaciondescubre.es\/mojateporelrio\/\",\"name\":\"M\\u00f3jate por el r\\u00edo\",\"description\":\"\",\"potentialAction\":[{\"@type\":\"SearchAction\",\"target\":\"https:\/\/andaluciamejorconciencia.fundaciondescubre.es\/mojateporelrio\/?s={search_term_string}\",\"query-input\":\"required name=search_term_string\"}],\"inLanguage\":\"es\"},{\"@type\":\"WebPage\",\"@id\":\"https:\/\/andaluciamejorconciencia.fundaciondescubre.es\/mojateporelrio\/es\/sobre-el-proyecto\/#webpage\",\"url\":\"https:\/\/andaluciamejorconciencia.fundaciondescubre.es\/mojateporelrio\/es\/sobre-el-proyecto\/\",\"name\":\"Sobre el proyecto - M\\u00f3jate por el r\\u00edo\",\"isPartOf\":{\"@id\":\"https:\/\/andaluciamejorconciencia.fundaciondescubre.es\/mojateporelrio\/#website\"},\"datePublished\":\"2016-04-27T10:51:23+00:00\",\"dateModified\":\"2016-04-27T10:51:23+00:00\",\"breadcrumb\":{\"@id\":\"https:\/\/andaluciamejorconciencia.fundaciondescubre.es\/mojateporelrio\/es\/sobre-el-proyecto\/#breadcrumb\"},\"inLanguage\":\"es\",\"potentialAction\":[{\"@type\":\"ReadAction\",\"target\":[\"https:\/\/andaluciamejorconciencia.fundaciondescubre.es\/mojateporelrio\/es\/sobre-el-proyecto\/\"]}]},{\"@type\":\"BreadcrumbList\",\"@id\":\"https:\/\/andaluciamejorconciencia.fundaciondescubre.es\/mojateporelrio\/es\/sobre-el-proyecto\/#breadcrumb\",\"itemListElement\":[{\"@type\":\"ListItem\",\"position\":1,\"item\":{\"@type\":\"WebPage\",\"@id\":\"https:\/\/andaluciamejorconciencia.fundaciondescubre.es\/mojateporelrio\/\",\"url\":\"https:\/\/andaluciamejorconciencia.fundaciondescubre.es\/mojateporelrio\/\",\"name\":\"Portada\"}},{\"@type\":\"ListItem\",\"position\":2,\"item\":{\"@id\":\"https:\/\/andaluciamejorconciencia.fundaciondescubre.es\/mojateporelrio\/es\/sobre-el-proyecto\/#webpage\"}}]}]}<\/script>\n<!-- \/ Yoast SEO plugin. -->","_links":{"self":[{"href":"https:\/\/andaluciamejorconciencia.fundaciondescubre.es\/mojateporelrio\/wp-json\/wp\/v2\/pages\/43"}],"collection":[{"href":"https:\/\/andaluciamejorconciencia.fundaciondescubre.es\/mojateporelrio\/wp-json\/wp\/v2\/pages"}],"about":[{"href":"https:\/\/andaluciamejorconciencia.fundaciondescubre.es\/mojateporelrio\/wp-json\/wp\/v2\/types\/page"}],"author":[{"embeddable":true,"href":"https:\/\/andaluciamejorconciencia.fundaciondescubre.es\/mojateporelrio\/wp-json\/wp\/v2\/users\/1"}],"replies":[{"embeddable":true,"href":"https:\/\/andaluciamejorconciencia.fundaciondescubre.es\/mojateporelrio\/wp-json\/wp\/v2\/comments?post=43"}],"version-history":[{"count":1,"href":"https:\/\/andaluciamejorconciencia.fundaciondescubre.es\/mojateporelrio\/wp-json\/wp\/v2\/pages\/43\/revisions"}],"predecessor-version":[{"id":45,"href":"https:\/\/andaluciamejorconciencia.fundaciondescubre.es\/mojateporelrio\/wp-json\/wp\/v2\/pages\/43\/revisions\/45"}],"wp:attachment":[{"href":"https:\/\/andaluciamejorconciencia.fundaciondescubre.es\/mojateporelrio\/wp-json\/wp\/v2\/media?parent=43"}],"curies":[{"name":"wp","href":"https:\/\/api.w.org\/{rel}","templated":true}]}}