{"id":13,"date":"2020-01-27T12:05:37","date_gmt":"2020-01-27T12:05:37","guid":{"rendered":"http:\/\/andaluciamejorconciencia.fundaciondescubre.es\/lahistoriadelatierrajamasandada\/agentes-y-entidades-que-colaboran\/"},"modified":"2020-01-29T12:22:25","modified_gmt":"2020-01-29T12:22:25","slug":"agentes-y-entidades-que-colaboran","status":"publish","type":"page","link":"https:\/\/andaluciamejorconciencia.fundaciondescubre.es\/lahistoriadelatierrajamasandada\/es\/agentes-y-entidades-que-colaboran\/","title":{"rendered":"Agentes y entidades que colaboran"},"content":{"rendered":"<p>AGENTES SOCIALES IMPLICADOS<\/p>\n<ul>\n<li>IES Acci.<\/li>\n<li>IES Pedro Antonio de Alarc\u00f3n.<\/li>\n<li>IES Padre Poveda.<\/li>\n<li>ESO Colegio La Presentaci\u00f3n<\/li>\n<li>ESO Divina Infantita.<\/li>\n<li>Escuela de Artes.<\/li>\n<li>Ayuntamiento de Guadix.<\/li>\n<li>Geoparque de Granada.<\/li>\n<li>Centro del Profesorado de Guadix.<\/li>\n<\/ul>\n<p>ENTIDADES QUE COLABORAN<\/p>\n<ul>\n<li>Estaci\u00f3n Paleontol\u00f3gica Valle del R\u00edo Fardes (IGME).<\/li>\n<li>Fundaci\u00f3n Descubre.<\/li>\n<\/ul>\n","protected":false},"excerpt":{"rendered":"<p>AGENTES SOCIALES IMPLICADOS IES Acci. IES Pedro Antonio de Alarc\u00f3n. IES Padre Poveda. ESO Colegio La Presentaci\u00f3n ESO Divina Infantita. Escuela de Artes. Ayuntamiento de Guadix. Geoparque de Granada. Centro del Profesorado de Guadix. ENTIDADES QUE COLABORAN Estaci\u00f3n Paleontol\u00f3gica Valle del R\u00edo Fardes (IGME). Fundaci\u00f3n Descubre.<\/p>\n","protected":false},"author":1,"featured_media":0,"parent":0,"menu_order":0,"comment_status":"closed","ping_status":"closed","template":"","meta":[],"yoast_head":"<!-- This site is optimized with the Yoast SEO plugin v16.4 - https:\/\/yoast.com\/wordpress\/plugins\/seo\/ -->\n<title>Agentes y entidades que colaboran - La historia de la Tierra jam\u00e1s andada<\/title>\n<meta name=\"robots\" content=\"index, follow, max-snippet:-1, max-image-preview:large, max-video-preview:-1\" \/>\n<link rel=\"canonical\" href=\"https:\/\/andaluciamejorconciencia.fundaciondescubre.es\/lahistoriadelatierrajamasandada\/es\/agentes-y-entidades-que-colaboran\/\" \/>\n<meta property=\"og:locale\" content=\"es_ES\" \/>\n<meta property=\"og:type\" content=\"article\" \/>\n<meta property=\"og:title\" content=\"Agentes y entidades que colaboran - La historia de la Tierra jam\u00e1s andada\" \/>\n<meta property=\"og:description\" content=\"AGENTES SOCIALES IMPLICADOS IES Acci. IES Pedro Antonio de Alarc\u00f3n. IES Padre Poveda. ESO Colegio La Presentaci\u00f3n ESO Divina Infantita. Escuela de Artes. Ayuntamiento de Guadix. Geoparque de Granada. Centro del Profesorado de Guadix. ENTIDADES QUE COLABORAN Estaci\u00f3n Paleontol\u00f3gica Valle del R\u00edo Fardes (IGME). Fundaci\u00f3n Descubre.\" \/>\n<meta property=\"og:url\" content=\"https:\/\/andaluciamejorconciencia.fundaciondescubre.es\/lahistoriadelatierrajamasandada\/es\/agentes-y-entidades-que-colaboran\/\" \/>\n<meta property=\"og:site_name\" content=\"La historia de la Tierra jam\u00e1s andada\" \/>\n<meta property=\"article:modified_time\" content=\"2020-01-29T12:22:25+00:00\" \/>\n<meta name=\"twitter:card\" content=\"summary\" \/>\n<script type=\"application\/ld+json\" class=\"yoast-schema-graph\">{\"@context\":\"https:\/\/schema.org\",\"@graph\":[{\"@type\":\"WebSite\",\"@id\":\"https:\/\/andaluciamejorconciencia.fundaciondescubre.es\/lahistoriadelatierrajamasandada\/#website\",\"url\":\"https:\/\/andaluciamejorconciencia.fundaciondescubre.es\/lahistoriadelatierrajamasandada\/\",\"name\":\"La historia de la Tierra jam\\u00e1s andada\",\"description\":\"\",\"potentialAction\":[{\"@type\":\"SearchAction\",\"target\":\"https:\/\/andaluciamejorconciencia.fundaciondescubre.es\/lahistoriadelatierrajamasandada\/?s={search_term_string}\",\"query-input\":\"required name=search_term_string\"}],\"inLanguage\":\"es\"},{\"@type\":\"WebPage\",\"@id\":\"https:\/\/andaluciamejorconciencia.fundaciondescubre.es\/lahistoriadelatierrajamasandada\/es\/agentes-y-entidades-que-colaboran\/#webpage\",\"url\":\"https:\/\/andaluciamejorconciencia.fundaciondescubre.es\/lahistoriadelatierrajamasandada\/es\/agentes-y-entidades-que-colaboran\/\",\"name\":\"Agentes y entidades que colaboran - La historia de la Tierra jam\\u00e1s andada\",\"isPartOf\":{\"@id\":\"https:\/\/andaluciamejorconciencia.fundaciondescubre.es\/lahistoriadelatierrajamasandada\/#website\"},\"datePublished\":\"2020-01-27T12:05:37+00:00\",\"dateModified\":\"2020-01-29T12:22:25+00:00\",\"breadcrumb\":{\"@id\":\"https:\/\/andaluciamejorconciencia.fundaciondescubre.es\/lahistoriadelatierrajamasandada\/es\/agentes-y-entidades-que-colaboran\/#breadcrumb\"},\"inLanguage\":\"es\",\"potentialAction\":[{\"@type\":\"ReadAction\",\"target\":[\"https:\/\/andaluciamejorconciencia.fundaciondescubre.es\/lahistoriadelatierrajamasandada\/es\/agentes-y-entidades-que-colaboran\/\"]}]},{\"@type\":\"BreadcrumbList\",\"@id\":\"https:\/\/andaluciamejorconciencia.fundaciondescubre.es\/lahistoriadelatierrajamasandada\/es\/agentes-y-entidades-que-colaboran\/#breadcrumb\",\"itemListElement\":[{\"@type\":\"ListItem\",\"position\":1,\"item\":{\"@type\":\"WebPage\",\"@id\":\"https:\/\/andaluciamejorconciencia.fundaciondescubre.es\/lahistoriadelatierrajamasandada\/\",\"url\":\"https:\/\/andaluciamejorconciencia.fundaciondescubre.es\/lahistoriadelatierrajamasandada\/\",\"name\":\"Portada\"}},{\"@type\":\"ListItem\",\"position\":2,\"item\":{\"@id\":\"https:\/\/andaluciamejorconciencia.fundaciondescubre.es\/lahistoriadelatierrajamasandada\/es\/agentes-y-entidades-que-colaboran\/#webpage\"}}]}]}<\/script>\n<!-- \/ Yoast SEO plugin. -->","_links":{"self":[{"href":"https:\/\/andaluciamejorconciencia.fundaciondescubre.es\/lahistoriadelatierrajamasandada\/wp-json\/wp\/v2\/pages\/13"}],"collection":[{"href":"https:\/\/andaluciamejorconciencia.fundaciondescubre.es\/lahistoriadelatierrajamasandada\/wp-json\/wp\/v2\/pages"}],"about":[{"href":"https:\/\/andaluciamejorconciencia.fundaciondescubre.es\/lahistoriadelatierrajamasandada\/wp-json\/wp\/v2\/types\/page"}],"author":[{"embeddable":true,"href":"https:\/\/andaluciamejorconciencia.fundaciondescubre.es\/lahistoriadelatierrajamasandada\/wp-json\/wp\/v2\/users\/1"}],"replies":[{"embeddable":true,"href":"https:\/\/andaluciamejorconciencia.fundaciondescubre.es\/lahistoriadelatierrajamasandada\/wp-json\/wp\/v2\/comments?post=13"}],"version-history":[{"count":3,"href":"https:\/\/andaluciamejorconciencia.fundaciondescubre.es\/lahistoriadelatierrajamasandada\/wp-json\/wp\/v2\/pages\/13\/revisions"}],"predecessor-version":[{"id":39,"href":"https:\/\/andaluciamejorconciencia.fundaciondescubre.es\/lahistoriadelatierrajamasandada\/wp-json\/wp\/v2\/pages\/13\/revisions\/39"}],"wp:attachment":[{"href":"https:\/\/andaluciamejorconciencia.fundaciondescubre.es\/lahistoriadelatierrajamasandada\/wp-json\/wp\/v2\/media?parent=13"}],"curies":[{"name":"wp","href":"https:\/\/api.w.org\/{rel}","templated":true}]}}