{"id":1475,"date":"2021-02-04T18:12:08","date_gmt":"2021-02-04T18:12:08","guid":{"rendered":"http:\/\/andaluciamejorconciencia.fundaciondescubre.es\/ciudad-neuroactiva\/?page_id=1475"},"modified":"2021-02-04T18:29:41","modified_gmt":"2021-02-04T18:29:41","slug":"sobre-nuestra-comunidad","status":"publish","type":"page","link":"https:\/\/andaluciamejorconciencia.fundaciondescubre.es\/ciudad-neuroactiva\/es\/sobre-nuestra-comunidad\/","title":{"rendered":"Sobre nuestra comunidad"},"content":{"rendered":"<p style=\"text-align: justify\"><img loading=\"lazy\" class=\"aligncenter size-full wp-image-1478\" src=\"http:\/\/andaluciamejorconciencia.fundaciondescubre.es\/ciudad-neuroactiva\/wp-content\/uploads\/sites\/27\/2021\/02\/Imagen2-1.jpg\" alt=\"Imagen2\" width=\"1600\" height=\"1200\" srcset=\"https:\/\/andaluciamejorconciencia.fundaciondescubre.es\/ciudad-neuroactiva\/wp-content\/uploads\/sites\/27\/2021\/02\/Imagen2-1.jpg 1600w, https:\/\/andaluciamejorconciencia.fundaciondescubre.es\/ciudad-neuroactiva\/wp-content\/uploads\/sites\/27\/2021\/02\/Imagen2-1-300x225.jpg 300w, https:\/\/andaluciamejorconciencia.fundaciondescubre.es\/ciudad-neuroactiva\/wp-content\/uploads\/sites\/27\/2021\/02\/Imagen2-1-768x576.jpg 768w, https:\/\/andaluciamejorconciencia.fundaciondescubre.es\/ciudad-neuroactiva\/wp-content\/uploads\/sites\/27\/2021\/02\/Imagen2-1-1024x768.jpg 1024w, https:\/\/andaluciamejorconciencia.fundaciondescubre.es\/ciudad-neuroactiva\/wp-content\/uploads\/sites\/27\/2021\/02\/Imagen2-1-720x540.jpg 720w, https:\/\/andaluciamejorconciencia.fundaciondescubre.es\/ciudad-neuroactiva\/wp-content\/uploads\/sites\/27\/2021\/02\/Imagen2-1-1200x900.jpg 1200w\" sizes=\"(max-width: 709px) 85vw, (max-width: 909px) 67vw, (max-width: 1362px) 62vw, 840px\" \/><\/p>\n<p style=\"text-align: justify\">Hace 4 a\u00f1os comenz\u00f3 un proceso de transformaci\u00f3n que nos hizo pasar de una escuela tradicional y sin apenas contacto con el entorno a ser una escuela conectada con su comunidad e involucrada en cualquier decisi\u00f3n que afecte a la vida diaria de los ni\u00f1os y ni\u00f1as.<\/p>\n<p style=\"text-align: justify\">Nuestro centro cuenta con un Consejo de la Infancia que participa en la toma de decisiones de asuntos locales como el dise\u00f1o de los parques, de la biblioteca municipal y de los espacios comunes p\u00fablicos como el centro de salud o el ayuntamiento.<\/p>\n<p style=\"text-align: justify\">La comunidad que forma este proyecto se convirti\u00f3 en un referente de promoci\u00f3n de la salud e impuls\u00f3 la coordinaci\u00f3n de una red de agentes sociales que trabajan conjuntamente en la promoci\u00f3n de la salud de ni\u00f1os y j\u00f3venes bajo el t\u00edtulo de CONSTRIBUYENDO2030. Esta red consigui\u00f3 en el a\u00f1o 2019 el Premio nacional de Aprendizaje-Servicio por la prevenci\u00f3n de la obesidad entre nuestra juventud.<\/p>\n<p style=\"text-align: justify\">A lo largo de estos a\u00f1os, nuestros j\u00f3venes han sido conscientes de la necesidad de promover la salud f\u00edsica y est\u00e1n haciendo un trabajo extraordinario, sin embargo, se dieron cuenta que, el \u00e1mbito del bienestar y la salud mental es una asignatura pendiente de gobiernos e instituciones. Nos pusimos manos a la obra para impulsar un proyecto precioso (la ni\u00f1a de nuestros ojos) que aborda estos nuevos retos, bajo el t\u00edtulo: \u2018Ciudad Neuroactiva 2020\u2019 o, como le gusta a los m\u00e1s peque\u00f1os llamarlo, \u2018Neurolandia\u2019.<\/p>\n","protected":false},"excerpt":{"rendered":"<p>Hace 4 a\u00f1os comenz\u00f3 un proceso de transformaci\u00f3n que nos hizo pasar de una escuela tradicional y sin apenas contacto con el entorno a ser una escuela conectada con su comunidad e involucrada en cualquier decisi\u00f3n que afecte a la vida diaria de los ni\u00f1os y ni\u00f1as. Nuestro centro cuenta con un Consejo de la &hellip; <a href=\"https:\/\/andaluciamejorconciencia.fundaciondescubre.es\/ciudad-neuroactiva\/es\/sobre-nuestra-comunidad\/\" class=\"more-link\">Continuar leyendo<span class=\"screen-reader-text\"> &#8220;Sobre nuestra comunidad&#8221;<\/span><\/a><\/p>\n","protected":false},"author":7,"featured_media":0,"parent":0,"menu_order":0,"comment_status":"closed","ping_status":"closed","template":"","meta":[],"yoast_head":"<!-- This site is optimized with the Yoast SEO plugin v16.4 - https:\/\/yoast.com\/wordpress\/plugins\/seo\/ -->\n<title>Sobre nuestra comunidad - Ciudad Neuroactiva<\/title>\n<meta name=\"robots\" content=\"index, follow, max-snippet:-1, max-image-preview:large, max-video-preview:-1\" \/>\n<link rel=\"canonical\" href=\"https:\/\/andaluciamejorconciencia.fundaciondescubre.es\/ciudad-neuroactiva\/es\/sobre-nuestra-comunidad\/\" \/>\n<meta property=\"og:locale\" content=\"es_ES\" \/>\n<meta property=\"og:type\" content=\"article\" \/>\n<meta property=\"og:title\" content=\"Sobre nuestra comunidad - Ciudad Neuroactiva\" \/>\n<meta property=\"og:description\" content=\"Hace 4 a\u00f1os comenz\u00f3 un proceso de transformaci\u00f3n que nos hizo pasar de una escuela tradicional y sin apenas contacto con el entorno a ser una escuela conectada con su comunidad e involucrada en cualquier decisi\u00f3n que afecte a la vida diaria de los ni\u00f1os y ni\u00f1as. Nuestro centro cuenta con un Consejo de la &hellip; Continuar leyendo &quot;Sobre nuestra comunidad&quot;\" \/>\n<meta property=\"og:url\" content=\"https:\/\/andaluciamejorconciencia.fundaciondescubre.es\/ciudad-neuroactiva\/es\/sobre-nuestra-comunidad\/\" \/>\n<meta property=\"og:site_name\" content=\"Ciudad Neuroactiva\" \/>\n<meta property=\"article:modified_time\" content=\"2021-02-04T18:29:41+00:00\" \/>\n<meta property=\"og:image\" content=\"http:\/\/andaluciamejorconciencia.fundaciondescubre.es\/ciudad-neuroactiva\/wp-content\/uploads\/sites\/27\/2021\/02\/Imagen2-1.jpg\" \/>\n<meta name=\"twitter:card\" content=\"summary\" \/>\n<script type=\"application\/ld+json\" class=\"yoast-schema-graph\">{\"@context\":\"https:\/\/schema.org\",\"@graph\":[{\"@type\":\"WebSite\",\"@id\":\"https:\/\/andaluciamejorconciencia.fundaciondescubre.es\/ciudad-neuroactiva\/#website\",\"url\":\"https:\/\/andaluciamejorconciencia.fundaciondescubre.es\/ciudad-neuroactiva\/\",\"name\":\"Ciudad Neuroactiva\",\"description\":\"\",\"potentialAction\":[{\"@type\":\"SearchAction\",\"target\":\"https:\/\/andaluciamejorconciencia.fundaciondescubre.es\/ciudad-neuroactiva\/?s={search_term_string}\",\"query-input\":\"required name=search_term_string\"}],\"inLanguage\":\"es\"},{\"@type\":\"ImageObject\",\"@id\":\"https:\/\/andaluciamejorconciencia.fundaciondescubre.es\/ciudad-neuroactiva\/es\/sobre-nuestra-comunidad\/#primaryimage\",\"inLanguage\":\"es\",\"url\":\"http:\/\/andaluciamejorconciencia.fundaciondescubre.es\/ciudad-neuroactiva\/wp-content\/uploads\/sites\/27\/2021\/02\/Imagen2-1.jpg\",\"contentUrl\":\"http:\/\/andaluciamejorconciencia.fundaciondescubre.es\/ciudad-neuroactiva\/wp-content\/uploads\/sites\/27\/2021\/02\/Imagen2-1.jpg\"},{\"@type\":\"WebPage\",\"@id\":\"https:\/\/andaluciamejorconciencia.fundaciondescubre.es\/ciudad-neuroactiva\/es\/sobre-nuestra-comunidad\/#webpage\",\"url\":\"https:\/\/andaluciamejorconciencia.fundaciondescubre.es\/ciudad-neuroactiva\/es\/sobre-nuestra-comunidad\/\",\"name\":\"Sobre nuestra comunidad - Ciudad Neuroactiva\",\"isPartOf\":{\"@id\":\"https:\/\/andaluciamejorconciencia.fundaciondescubre.es\/ciudad-neuroactiva\/#website\"},\"primaryImageOfPage\":{\"@id\":\"https:\/\/andaluciamejorconciencia.fundaciondescubre.es\/ciudad-neuroactiva\/es\/sobre-nuestra-comunidad\/#primaryimage\"},\"datePublished\":\"2021-02-04T18:12:08+00:00\",\"dateModified\":\"2021-02-04T18:29:41+00:00\",\"breadcrumb\":{\"@id\":\"https:\/\/andaluciamejorconciencia.fundaciondescubre.es\/ciudad-neuroactiva\/es\/sobre-nuestra-comunidad\/#breadcrumb\"},\"inLanguage\":\"es\",\"potentialAction\":[{\"@type\":\"ReadAction\",\"target\":[\"https:\/\/andaluciamejorconciencia.fundaciondescubre.es\/ciudad-neuroactiva\/es\/sobre-nuestra-comunidad\/\"]}]},{\"@type\":\"BreadcrumbList\",\"@id\":\"https:\/\/andaluciamejorconciencia.fundaciondescubre.es\/ciudad-neuroactiva\/es\/sobre-nuestra-comunidad\/#breadcrumb\",\"itemListElement\":[{\"@type\":\"ListItem\",\"position\":1,\"item\":{\"@type\":\"WebPage\",\"@id\":\"https:\/\/andaluciamejorconciencia.fundaciondescubre.es\/ciudad-neuroactiva\/\",\"url\":\"https:\/\/andaluciamejorconciencia.fundaciondescubre.es\/ciudad-neuroactiva\/\",\"name\":\"Portada\"}},{\"@type\":\"ListItem\",\"position\":2,\"item\":{\"@id\":\"https:\/\/andaluciamejorconciencia.fundaciondescubre.es\/ciudad-neuroactiva\/es\/sobre-nuestra-comunidad\/#webpage\"}}]}]}<\/script>\n<!-- \/ Yoast SEO plugin. -->","_links":{"self":[{"href":"https:\/\/andaluciamejorconciencia.fundaciondescubre.es\/ciudad-neuroactiva\/wp-json\/wp\/v2\/pages\/1475"}],"collection":[{"href":"https:\/\/andaluciamejorconciencia.fundaciondescubre.es\/ciudad-neuroactiva\/wp-json\/wp\/v2\/pages"}],"about":[{"href":"https:\/\/andaluciamejorconciencia.fundaciondescubre.es\/ciudad-neuroactiva\/wp-json\/wp\/v2\/types\/page"}],"author":[{"embeddable":true,"href":"https:\/\/andaluciamejorconciencia.fundaciondescubre.es\/ciudad-neuroactiva\/wp-json\/wp\/v2\/users\/7"}],"replies":[{"embeddable":true,"href":"https:\/\/andaluciamejorconciencia.fundaciondescubre.es\/ciudad-neuroactiva\/wp-json\/wp\/v2\/comments?post=1475"}],"version-history":[{"count":3,"href":"https:\/\/andaluciamejorconciencia.fundaciondescubre.es\/ciudad-neuroactiva\/wp-json\/wp\/v2\/pages\/1475\/revisions"}],"predecessor-version":[{"id":1480,"href":"https:\/\/andaluciamejorconciencia.fundaciondescubre.es\/ciudad-neuroactiva\/wp-json\/wp\/v2\/pages\/1475\/revisions\/1480"}],"wp:attachment":[{"href":"https:\/\/andaluciamejorconciencia.fundaciondescubre.es\/ciudad-neuroactiva\/wp-json\/wp\/v2\/media?parent=1475"}],"curies":[{"name":"wp","href":"https:\/\/api.w.org\/{rel}","templated":true}]}}