{"id":315,"date":"2016-04-27T10:48:02","date_gmt":"2016-04-27T10:48:02","guid":{"rendered":"https:\/\/andaluciamejorconciencia.fundaciondescubre.es\/capacitados\/?page_id=315"},"modified":"2016-04-27T10:48:02","modified_gmt":"2016-04-27T10:48:02","slug":"sobre-el-proyecto","status":"publish","type":"page","link":"https:\/\/andaluciamejorconciencia.fundaciondescubre.es\/capacitados\/es\/sobre-el-proyecto\/","title":{"rendered":"Sobre el proyecto"},"content":{"rendered":"<p><strong>RESUMEN<\/strong><\/p>\n<p>El proyecto CapaCITados tiene como objetivo que la comunidad de la localidad de Atarfe forme parte activa de un proyecto de emprendimiento social relacionado con la tecnolog\u00eda al servicio de la discapacidad (o de la diversidad funcional). Este proyecto trata de mejorar la sensibilidad y accesibilidad de nuestra localidad con la ayuda de la ciencia. CapaCITados trata de impulsar los principios de Investigaci\u00f3n e Innovaci\u00f3n Responsables (<em>Responsible Research and Innovation<\/em>, RRI): compromiso con los retos sociales, mejora de la ense\u00f1anza de la ciencia, generaci\u00f3n de un conocimiento de acceso abierto, respeto a los principios \u00e9ticos e igualdad de g\u00e9nero.<\/p>\n<p><strong>JUSTIFICACI\u00d3N<\/strong><\/p>\n<p>Las ciudades que pretenden ser reconocidas como ciudades del siglo XXI no pueden permitir que s\u00f3lo una parte de sus ciudadanos tengan acceso a determinados recursos o espacios p\u00fablicos. En este sentido, CapaCITados trata de contribuir a que Atarfe sea una ciudad que cuente con Accesibilidad Universal (AU), lo que implica ser una ciudad con edificios, espacios y servicios accesibles a toda la poblaci\u00f3n, sin importar el nivel de las capacidades f\u00edsicas, mentales o sensoriales, permanentes o temporales de las personas. Como su nombre lo indica, la necesidad de accesibilidad se aplica a todos y no solo a los que tienen algunas capacidades diferentes.<\/p>\n<p>Nuestro proyecto trata de mejorar esta accesibilidad con la ayuda de la ciencia y, especialmente de la tecnolog\u00eda, ya que ambos elementos pueden contribuir poderosamente a que nuestros espacios sean compartidos y nuestros recursos m\u00e1s universales.<\/p>\n<p><strong>OBJETIVOS<\/strong><\/p>\n<ul>\n<li>Implementar planteamientos de innovaci\u00f3n de amplias miras entre la comunidad educativa y otros agentes sociales.<\/li>\n<li>Concienciar sobre la importancia de la ciencia y la tecnolog\u00eda en la mejora del entorno en el que vivimos, mostrando a la sociedad la aplicabilidad de la ciencia en su d\u00eda a d\u00eda.<\/li>\n<li>Construir estructuras permanentes de innovaci\u00f3n en los centros educativos.<\/li>\n<li>Favorecer la implicaci\u00f3n activa de la comunidad educativa en proyectos de emprendimiento social en y para su comunidad, donde la ciencia y la tecnolog\u00eda jueguen un papel protagonista.<\/li>\n<li>Mejorar las condiciones de vida y el entorno social de nuestra localidad gracias a la contribuci\u00f3n de la ciencia y la tecnolog\u00eda.<\/li>\n<li>Fomentar las vocaciones cient\u00edficas a partir de la participaci\u00f3n activa en proyectos de car\u00e1cter de divulgaci\u00f3n significativos para el entorno y donde los y las j\u00f3venes sean los aut\u00e9nticos protagonistas.<\/li>\n<li>Eliminar el sesgo entre los y las j\u00f3venes en relaci\u00f3n a la elecci\u00f3n de estudios cient\u00edfico-tecnol\u00f3gicos (STEM) con objeto de reducir la desigualdad de g\u00e9nero referida a las vocaciones cient\u00edficas y el desempe\u00f1o profesional posterior.<\/li>\n<li>Generalizar entre los diferentes agentes sociales las ideas de: empresa, equipo, colaboraci\u00f3n y corresponsabilidad.<\/li>\n<li>Poner en valor el concepto de Diversidad funcional frente al de discapacidad y al de minusval\u00eda.<\/li>\n<li>Eliminar barreras f\u00edsicas en el entorno, as\u00ed como barreras mentales, etiquetas, clich\u00e9s y mitos que no se corresponden en absoluto con la realidad y que no hacen otra cosa que enlentecer el camino de los que corremos hacia la verdadera integraci\u00f3n.<\/li>\n<li>Integrar los conocimientos de ingenier\u00eda industrial a la mejora del entorno social de Atarfe.<\/li>\n<\/ul>\n","protected":false},"excerpt":{"rendered":"<p>RESUMEN El proyecto CapaCITados tiene como objetivo que la comunidad de la localidad de Atarfe forme parte activa de un proyecto de emprendimiento social relacionado con la tecnolog\u00eda al servicio de la discapacidad (o de la diversidad funcional). Este proyecto trata de mejorar la sensibilidad y accesibilidad de nuestra localidad con la ayuda de la &hellip; <a href=\"https:\/\/andaluciamejorconciencia.fundaciondescubre.es\/capacitados\/es\/sobre-el-proyecto\/\" class=\"more-link\">Continuar leyendo<span class=\"screen-reader-text\"> &#8220;Sobre el proyecto&#8221;<\/span><\/a><\/p>\n","protected":false},"author":1,"featured_media":0,"parent":0,"menu_order":0,"comment_status":"closed","ping_status":"closed","template":"","meta":[],"yoast_head":"<!-- This site is optimized with the Yoast SEO plugin v16.4 - https:\/\/yoast.com\/wordpress\/plugins\/seo\/ -->\n<title>Sobre el proyecto - CapaCITados<\/title>\n<meta name=\"robots\" content=\"index, follow, max-snippet:-1, max-image-preview:large, max-video-preview:-1\" \/>\n<link rel=\"canonical\" href=\"https:\/\/andaluciamejorconciencia.fundaciondescubre.es\/capacitados\/es\/sobre-el-proyecto\/\" \/>\n<meta property=\"og:locale\" content=\"es_ES\" \/>\n<meta property=\"og:type\" content=\"article\" \/>\n<meta property=\"og:title\" content=\"Sobre el proyecto - CapaCITados\" \/>\n<meta property=\"og:description\" content=\"RESUMEN El proyecto CapaCITados tiene como objetivo que la comunidad de la localidad de Atarfe forme parte activa de un proyecto de emprendimiento social relacionado con la tecnolog\u00eda al servicio de la discapacidad (o de la diversidad funcional). Este proyecto trata de mejorar la sensibilidad y accesibilidad de nuestra localidad con la ayuda de la &hellip; Continuar leyendo &quot;Sobre el proyecto&quot;\" \/>\n<meta property=\"og:url\" content=\"https:\/\/andaluciamejorconciencia.fundaciondescubre.es\/capacitados\/es\/sobre-el-proyecto\/\" \/>\n<meta property=\"og:site_name\" content=\"CapaCITados\" \/>\n<meta name=\"twitter:card\" content=\"summary\" \/>\n<meta name=\"twitter:label1\" content=\"Tiempo de lectura\" \/>\n\t<meta name=\"twitter:data1\" content=\"3 minutos\" \/>\n<script type=\"application\/ld+json\" class=\"yoast-schema-graph\">{\"@context\":\"https:\/\/schema.org\",\"@graph\":[{\"@type\":\"WebSite\",\"@id\":\"https:\/\/andaluciamejorconciencia.fundaciondescubre.es\/capacitados\/#website\",\"url\":\"https:\/\/andaluciamejorconciencia.fundaciondescubre.es\/capacitados\/\",\"name\":\"CapaCITados\",\"description\":\"\",\"potentialAction\":[{\"@type\":\"SearchAction\",\"target\":\"https:\/\/andaluciamejorconciencia.fundaciondescubre.es\/capacitados\/?s={search_term_string}\",\"query-input\":\"required name=search_term_string\"}],\"inLanguage\":\"es\"},{\"@type\":\"WebPage\",\"@id\":\"https:\/\/andaluciamejorconciencia.fundaciondescubre.es\/capacitados\/es\/sobre-el-proyecto\/#webpage\",\"url\":\"https:\/\/andaluciamejorconciencia.fundaciondescubre.es\/capacitados\/es\/sobre-el-proyecto\/\",\"name\":\"Sobre el proyecto - CapaCITados\",\"isPartOf\":{\"@id\":\"https:\/\/andaluciamejorconciencia.fundaciondescubre.es\/capacitados\/#website\"},\"datePublished\":\"2016-04-27T10:48:02+00:00\",\"dateModified\":\"2016-04-27T10:48:02+00:00\",\"breadcrumb\":{\"@id\":\"https:\/\/andaluciamejorconciencia.fundaciondescubre.es\/capacitados\/es\/sobre-el-proyecto\/#breadcrumb\"},\"inLanguage\":\"es\",\"potentialAction\":[{\"@type\":\"ReadAction\",\"target\":[\"https:\/\/andaluciamejorconciencia.fundaciondescubre.es\/capacitados\/es\/sobre-el-proyecto\/\"]}]},{\"@type\":\"BreadcrumbList\",\"@id\":\"https:\/\/andaluciamejorconciencia.fundaciondescubre.es\/capacitados\/es\/sobre-el-proyecto\/#breadcrumb\",\"itemListElement\":[{\"@type\":\"ListItem\",\"position\":1,\"item\":{\"@type\":\"WebPage\",\"@id\":\"https:\/\/andaluciamejorconciencia.fundaciondescubre.es\/capacitados\/\",\"url\":\"https:\/\/andaluciamejorconciencia.fundaciondescubre.es\/capacitados\/\",\"name\":\"Home\"}},{\"@type\":\"ListItem\",\"position\":2,\"item\":{\"@id\":\"https:\/\/andaluciamejorconciencia.fundaciondescubre.es\/capacitados\/es\/sobre-el-proyecto\/#webpage\"}}]}]}<\/script>\n<!-- \/ Yoast SEO plugin. -->","_links":{"self":[{"href":"https:\/\/andaluciamejorconciencia.fundaciondescubre.es\/capacitados\/wp-json\/wp\/v2\/pages\/315"}],"collection":[{"href":"https:\/\/andaluciamejorconciencia.fundaciondescubre.es\/capacitados\/wp-json\/wp\/v2\/pages"}],"about":[{"href":"https:\/\/andaluciamejorconciencia.fundaciondescubre.es\/capacitados\/wp-json\/wp\/v2\/types\/page"}],"author":[{"embeddable":true,"href":"https:\/\/andaluciamejorconciencia.fundaciondescubre.es\/capacitados\/wp-json\/wp\/v2\/users\/1"}],"replies":[{"embeddable":true,"href":"https:\/\/andaluciamejorconciencia.fundaciondescubre.es\/capacitados\/wp-json\/wp\/v2\/comments?post=315"}],"version-history":[{"count":2,"href":"https:\/\/andaluciamejorconciencia.fundaciondescubre.es\/capacitados\/wp-json\/wp\/v2\/pages\/315\/revisions"}],"predecessor-version":[{"id":319,"href":"https:\/\/andaluciamejorconciencia.fundaciondescubre.es\/capacitados\/wp-json\/wp\/v2\/pages\/315\/revisions\/319"}],"wp:attachment":[{"href":"https:\/\/andaluciamejorconciencia.fundaciondescubre.es\/capacitados\/wp-json\/wp\/v2\/media?parent=315"}],"curies":[{"name":"wp","href":"https:\/\/api.w.org\/{rel}","templated":true}]}}