{"id":9,"date":"2022-02-23T10:05:30","date_gmt":"2022-02-23T10:05:30","guid":{"rendered":"https:\/\/andaluciamejorconciencia.fundaciondescubre.es\/atrapa-azules\/sobre-la-comunidad\/"},"modified":"2022-04-19T07:22:49","modified_gmt":"2022-04-19T07:22:49","slug":"sobre-la-comunidad","status":"publish","type":"page","link":"https:\/\/andaluciamejorconciencia.fundaciondescubre.es\/atrapa-azules\/es\/sobre-la-comunidad\/","title":{"rendered":"Sobre la comunidad"},"content":{"rendered":"<p>En el proyecto <strong>\u201c20.000 leguas de viaje submarino y los atrapa-azules\u201d<\/strong>, que se realiza con el alumnado de 6\u00ba de Primaria y la colaboraci\u00f3n de otros profesores y profesoras del centro, Bi\u00f3logos y Educadores Ambientales, as\u00ed como investigadores de la Universidad de C\u00e1diz, pretendemos conocer y hacer un estudio sobre qu\u00e9 es el carbono azul, su importancia frente a la emergencia clim\u00e1tica, as\u00ed como el desarrollo de estrategias de informaci\u00f3n y comunicaci\u00f3n sobre puesta en valor del entorno del Parque Natural Bah\u00eda de C\u00e1diz como sumidero de CO2, con la culminaci\u00f3n de un plan de acci\u00f3n que preserve y mejore el entorno.<\/p>\n<p>Dicho proyecto tiene un enfoque multidisciplinar y, adem\u00e1s de contar con la colaboraci\u00f3n de distintos profesores del centro, profesionales cualificados, se pretende implicar a la ciudadan\u00eda a trav\u00e9s de Asociaciones de vecinos y entidades comerciales y empresas, en distintas fases de proceso. El trabajo consta de varias fases:<\/p>\n<ul>\n<li>En primer lugar, y partiendo de la observaci\u00f3n sistem\u00e1tica del impacto humano en la zona intermareal de la playa y salina que tenemos apadrinada en el colegio, se har\u00e1 una catalogaci\u00f3n de las especies intermareales de vegetaci\u00f3n y flora, as\u00ed como de fondos marinos de la bah\u00eda de C\u00e1diz. Para ello contaremos con experto medioambiental y bi\u00f3logos. El alumnado realizar\u00e1 un trabajo de investigaci\u00f3n sobre los tipos de presi\u00f3n humana que se ejerce sobre el entorno natural, los contaminantes y las posibles causas de la contaminaci\u00f3n. Dicha investigaci\u00f3n se har\u00e1 con la b\u00fasqueda en distintos medios de informaci\u00f3n, as\u00ed como con la ayuda ciudadana, realizando encuestas a los vecinos pr\u00f3ximos al parque, y a los usuarios de zona centro comercial Bah\u00eda Sur.<\/li>\n<li>En la fase de experimentaci\u00f3n, con el asesoramiento del equipo cient\u00edfico investigador, se determinar\u00e1 una zona sobre la que se centrar\u00e1 la investigaci\u00f3n sobre la captaci\u00f3n del CO2 y su ciclo. M\u00e9todo cient\u00edfico para la obtenci\u00f3n de datos, muestreo, observaci\u00f3n, hip\u00f3tesis, ensayos y conclusiones. Con las conclusiones del estudio se realizar\u00e1 una campa\u00f1a de concienciaci\u00f3n y de compromiso activo con plan de acci\u00f3n (carteler\u00eda, paneles expositivos, programa de radio, videodifusi\u00f3n, jornadas de limpieza basura y plantas invasoras\u2026)<\/li>\n<li>Por \u00faltimo, se dar\u00e1 difusi\u00f3n del proyecto. En esta fase de divulgaci\u00f3n se realizar\u00e1n jornadas, en el centro o en la propia Direcci\u00f3n del Parque Natural, en el Jard\u00edn Bot\u00e1nico de San Fernando, o el propio centro comercial Bah\u00eda Sur.\u00a0 Adem\u00e1s, y siempre que el trabajo realizado sea de inter\u00e9s, se podr\u00eda dar a conocer en distintos foros como la Feria de la Ciencia u otros.<\/li>\n<\/ul>\n","protected":false},"excerpt":{"rendered":"<p>En el proyecto \u201c20.000 leguas de viaje submarino y los atrapa-azules\u201d, que se realiza con el alumnado de 6\u00ba de Primaria y la colaboraci\u00f3n de otros profesores y profesoras del centro, Bi\u00f3logos y Educadores Ambientales, as\u00ed como investigadores de la Universidad de C\u00e1diz, pretendemos conocer y hacer un estudio sobre qu\u00e9 es el carbono azul, &hellip; <a href=\"https:\/\/andaluciamejorconciencia.fundaciondescubre.es\/atrapa-azules\/es\/sobre-la-comunidad\/\" class=\"more-link\">Continuar leyendo<span class=\"screen-reader-text\"> &#8220;Sobre la comunidad&#8221;<\/span><\/a><\/p>\n","protected":false},"author":1,"featured_media":0,"parent":0,"menu_order":0,"comment_status":"closed","ping_status":"closed","template":"","meta":[],"yoast_head":"<!-- This site is optimized with the Yoast SEO plugin v16.4 - https:\/\/yoast.com\/wordpress\/plugins\/seo\/ -->\n<title>Sobre la comunidad - Atrapa-azules<\/title>\n<meta name=\"robots\" content=\"index, follow, max-snippet:-1, max-image-preview:large, max-video-preview:-1\" \/>\n<link rel=\"canonical\" href=\"https:\/\/andaluciamejorconciencia.fundaciondescubre.es\/atrapa-azules\/es\/sobre-la-comunidad\/\" \/>\n<meta property=\"og:locale\" content=\"es_ES\" \/>\n<meta property=\"og:type\" content=\"article\" \/>\n<meta property=\"og:title\" content=\"Sobre la comunidad - Atrapa-azules\" \/>\n<meta property=\"og:description\" content=\"En el proyecto \u201c20.000 leguas de viaje submarino y los atrapa-azules\u201d, que se realiza con el alumnado de 6\u00ba de Primaria y la colaboraci\u00f3n de otros profesores y profesoras del centro, Bi\u00f3logos y Educadores Ambientales, as\u00ed como investigadores de la Universidad de C\u00e1diz, pretendemos conocer y hacer un estudio sobre qu\u00e9 es el carbono azul, &hellip; Continuar leyendo &quot;Sobre la comunidad&quot;\" \/>\n<meta property=\"og:url\" content=\"https:\/\/andaluciamejorconciencia.fundaciondescubre.es\/atrapa-azules\/es\/sobre-la-comunidad\/\" \/>\n<meta property=\"og:site_name\" content=\"Atrapa-azules\" \/>\n<meta property=\"article:modified_time\" content=\"2022-04-19T07:22:49+00:00\" \/>\n<meta name=\"twitter:card\" content=\"summary_large_image\" \/>\n<meta name=\"twitter:label1\" content=\"Tiempo de lectura\" \/>\n\t<meta name=\"twitter:data1\" content=\"2 minutos\" \/>\n<script type=\"application\/ld+json\" class=\"yoast-schema-graph\">{\"@context\":\"https:\/\/schema.org\",\"@graph\":[{\"@type\":\"WebSite\",\"@id\":\"https:\/\/andaluciamejorconciencia.fundaciondescubre.es\/atrapa-azules\/#website\",\"url\":\"https:\/\/andaluciamejorconciencia.fundaciondescubre.es\/atrapa-azules\/\",\"name\":\"Atrapa-azules\",\"description\":\"Andaluc\\u00eda mejor con ciencia\",\"potentialAction\":[{\"@type\":\"SearchAction\",\"target\":\"https:\/\/andaluciamejorconciencia.fundaciondescubre.es\/atrapa-azules\/?s={search_term_string}\",\"query-input\":\"required name=search_term_string\"}],\"inLanguage\":\"es\"},{\"@type\":\"WebPage\",\"@id\":\"https:\/\/andaluciamejorconciencia.fundaciondescubre.es\/atrapa-azules\/es\/sobre-la-comunidad\/#webpage\",\"url\":\"https:\/\/andaluciamejorconciencia.fundaciondescubre.es\/atrapa-azules\/es\/sobre-la-comunidad\/\",\"name\":\"Sobre la comunidad - Atrapa-azules\",\"isPartOf\":{\"@id\":\"https:\/\/andaluciamejorconciencia.fundaciondescubre.es\/atrapa-azules\/#website\"},\"datePublished\":\"2022-02-23T10:05:30+00:00\",\"dateModified\":\"2022-04-19T07:22:49+00:00\",\"breadcrumb\":{\"@id\":\"https:\/\/andaluciamejorconciencia.fundaciondescubre.es\/atrapa-azules\/es\/sobre-la-comunidad\/#breadcrumb\"},\"inLanguage\":\"es\",\"potentialAction\":[{\"@type\":\"ReadAction\",\"target\":[\"https:\/\/andaluciamejorconciencia.fundaciondescubre.es\/atrapa-azules\/es\/sobre-la-comunidad\/\"]}]},{\"@type\":\"BreadcrumbList\",\"@id\":\"https:\/\/andaluciamejorconciencia.fundaciondescubre.es\/atrapa-azules\/es\/sobre-la-comunidad\/#breadcrumb\",\"itemListElement\":[{\"@type\":\"ListItem\",\"position\":1,\"item\":{\"@type\":\"WebPage\",\"@id\":\"https:\/\/andaluciamejorconciencia.fundaciondescubre.es\/atrapa-azules\/\",\"url\":\"https:\/\/andaluciamejorconciencia.fundaciondescubre.es\/atrapa-azules\/\",\"name\":\"Portada\"}},{\"@type\":\"ListItem\",\"position\":2,\"item\":{\"@id\":\"https:\/\/andaluciamejorconciencia.fundaciondescubre.es\/atrapa-azules\/es\/sobre-la-comunidad\/#webpage\"}}]}]}<\/script>\n<!-- \/ Yoast SEO plugin. -->","_links":{"self":[{"href":"https:\/\/andaluciamejorconciencia.fundaciondescubre.es\/atrapa-azules\/wp-json\/wp\/v2\/pages\/9"}],"collection":[{"href":"https:\/\/andaluciamejorconciencia.fundaciondescubre.es\/atrapa-azules\/wp-json\/wp\/v2\/pages"}],"about":[{"href":"https:\/\/andaluciamejorconciencia.fundaciondescubre.es\/atrapa-azules\/wp-json\/wp\/v2\/types\/page"}],"author":[{"embeddable":true,"href":"https:\/\/andaluciamejorconciencia.fundaciondescubre.es\/atrapa-azules\/wp-json\/wp\/v2\/users\/1"}],"replies":[{"embeddable":true,"href":"https:\/\/andaluciamejorconciencia.fundaciondescubre.es\/atrapa-azules\/wp-json\/wp\/v2\/comments?post=9"}],"version-history":[{"count":5,"href":"https:\/\/andaluciamejorconciencia.fundaciondescubre.es\/atrapa-azules\/wp-json\/wp\/v2\/pages\/9\/revisions"}],"predecessor-version":[{"id":49,"href":"https:\/\/andaluciamejorconciencia.fundaciondescubre.es\/atrapa-azules\/wp-json\/wp\/v2\/pages\/9\/revisions\/49"}],"wp:attachment":[{"href":"https:\/\/andaluciamejorconciencia.fundaciondescubre.es\/atrapa-azules\/wp-json\/wp\/v2\/media?parent=9"}],"curies":[{"name":"wp","href":"https:\/\/api.w.org\/{rel}","templated":true}]}}