{"id":13,"date":"2022-02-23T10:05:31","date_gmt":"2022-02-23T10:05:31","guid":{"rendered":"https:\/\/andaluciamejorconciencia.fundaciondescubre.es\/atrapa-azules\/agentes-y-entidades-que-colaboran\/"},"modified":"2022-04-19T06:50:12","modified_gmt":"2022-04-19T06:50:12","slug":"agentes-y-entidades-que-colaboran","status":"publish","type":"page","link":"https:\/\/andaluciamejorconciencia.fundaciondescubre.es\/atrapa-azules\/es\/agentes-y-entidades-que-colaboran\/","title":{"rendered":"Agentes y entidades que colaboran"},"content":{"rendered":"<p>Agentes sociales implicados:<\/p>\n<ul>\n<li>Ecoescuela CEIP San Ignacio.<\/li>\n<li>Universidad de C\u00e1diz.<\/li>\n<li>Parque Natural Bah\u00eda de C\u00e1diz.<\/li>\n<li>Ayuntamiento de San Fernando.<\/li>\n<li>Centro Comercial Bah\u00eda Sur.<\/li>\n<li>AA.VV. San Fernando<\/li>\n<\/ul>\n<p>Entidad colaboradora:<\/p>\n<ul>\n<li>Fundaci\u00f3n Descubre.<\/li>\n<\/ul>\n","protected":false},"excerpt":{"rendered":"<p>Agentes sociales implicados: Ecoescuela CEIP San Ignacio. Universidad de C\u00e1diz. Parque Natural Bah\u00eda de C\u00e1diz. Ayuntamiento de San Fernando. Centro Comercial Bah\u00eda Sur. AA.VV. San Fernando Entidad colaboradora: Fundaci\u00f3n Descubre.<\/p>\n","protected":false},"author":1,"featured_media":0,"parent":0,"menu_order":0,"comment_status":"closed","ping_status":"closed","template":"","meta":[],"yoast_head":"<!-- This site is optimized with the Yoast SEO plugin v16.4 - https:\/\/yoast.com\/wordpress\/plugins\/seo\/ -->\n<title>Agentes y entidades que colaboran - Atrapa-azules<\/title>\n<meta name=\"robots\" content=\"index, follow, max-snippet:-1, max-image-preview:large, max-video-preview:-1\" \/>\n<link rel=\"canonical\" href=\"https:\/\/andaluciamejorconciencia.fundaciondescubre.es\/atrapa-azules\/es\/agentes-y-entidades-que-colaboran\/\" \/>\n<meta property=\"og:locale\" content=\"es_ES\" \/>\n<meta property=\"og:type\" content=\"article\" \/>\n<meta property=\"og:title\" content=\"Agentes y entidades que colaboran - Atrapa-azules\" \/>\n<meta property=\"og:description\" content=\"Agentes sociales implicados: Ecoescuela CEIP San Ignacio. Universidad de C\u00e1diz. Parque Natural Bah\u00eda de C\u00e1diz. Ayuntamiento de San Fernando. Centro Comercial Bah\u00eda Sur. AA.VV. San Fernando Entidad colaboradora: Fundaci\u00f3n Descubre.\" \/>\n<meta property=\"og:url\" content=\"https:\/\/andaluciamejorconciencia.fundaciondescubre.es\/atrapa-azules\/es\/agentes-y-entidades-que-colaboran\/\" \/>\n<meta property=\"og:site_name\" content=\"Atrapa-azules\" \/>\n<meta property=\"article:modified_time\" content=\"2022-04-19T06:50:12+00:00\" \/>\n<meta name=\"twitter:card\" content=\"summary_large_image\" \/>\n<meta name=\"twitter:label1\" content=\"Tiempo de lectura\" \/>\n\t<meta name=\"twitter:data1\" content=\"1 minuto\" \/>\n<script type=\"application\/ld+json\" class=\"yoast-schema-graph\">{\"@context\":\"https:\/\/schema.org\",\"@graph\":[{\"@type\":\"WebSite\",\"@id\":\"https:\/\/andaluciamejorconciencia.fundaciondescubre.es\/atrapa-azules\/#website\",\"url\":\"https:\/\/andaluciamejorconciencia.fundaciondescubre.es\/atrapa-azules\/\",\"name\":\"Atrapa-azules\",\"description\":\"Andaluc\\u00eda mejor con ciencia\",\"potentialAction\":[{\"@type\":\"SearchAction\",\"target\":\"https:\/\/andaluciamejorconciencia.fundaciondescubre.es\/atrapa-azules\/?s={search_term_string}\",\"query-input\":\"required name=search_term_string\"}],\"inLanguage\":\"es\"},{\"@type\":\"WebPage\",\"@id\":\"https:\/\/andaluciamejorconciencia.fundaciondescubre.es\/atrapa-azules\/es\/agentes-y-entidades-que-colaboran\/#webpage\",\"url\":\"https:\/\/andaluciamejorconciencia.fundaciondescubre.es\/atrapa-azules\/es\/agentes-y-entidades-que-colaboran\/\",\"name\":\"Agentes y entidades que colaboran - Atrapa-azules\",\"isPartOf\":{\"@id\":\"https:\/\/andaluciamejorconciencia.fundaciondescubre.es\/atrapa-azules\/#website\"},\"datePublished\":\"2022-02-23T10:05:31+00:00\",\"dateModified\":\"2022-04-19T06:50:12+00:00\",\"breadcrumb\":{\"@id\":\"https:\/\/andaluciamejorconciencia.fundaciondescubre.es\/atrapa-azules\/es\/agentes-y-entidades-que-colaboran\/#breadcrumb\"},\"inLanguage\":\"es\",\"potentialAction\":[{\"@type\":\"ReadAction\",\"target\":[\"https:\/\/andaluciamejorconciencia.fundaciondescubre.es\/atrapa-azules\/es\/agentes-y-entidades-que-colaboran\/\"]}]},{\"@type\":\"BreadcrumbList\",\"@id\":\"https:\/\/andaluciamejorconciencia.fundaciondescubre.es\/atrapa-azules\/es\/agentes-y-entidades-que-colaboran\/#breadcrumb\",\"itemListElement\":[{\"@type\":\"ListItem\",\"position\":1,\"item\":{\"@type\":\"WebPage\",\"@id\":\"https:\/\/andaluciamejorconciencia.fundaciondescubre.es\/atrapa-azules\/\",\"url\":\"https:\/\/andaluciamejorconciencia.fundaciondescubre.es\/atrapa-azules\/\",\"name\":\"Portada\"}},{\"@type\":\"ListItem\",\"position\":2,\"item\":{\"@id\":\"https:\/\/andaluciamejorconciencia.fundaciondescubre.es\/atrapa-azules\/es\/agentes-y-entidades-que-colaboran\/#webpage\"}}]}]}<\/script>\n<!-- \/ Yoast SEO plugin. -->","_links":{"self":[{"href":"https:\/\/andaluciamejorconciencia.fundaciondescubre.es\/atrapa-azules\/wp-json\/wp\/v2\/pages\/13"}],"collection":[{"href":"https:\/\/andaluciamejorconciencia.fundaciondescubre.es\/atrapa-azules\/wp-json\/wp\/v2\/pages"}],"about":[{"href":"https:\/\/andaluciamejorconciencia.fundaciondescubre.es\/atrapa-azules\/wp-json\/wp\/v2\/types\/page"}],"author":[{"embeddable":true,"href":"https:\/\/andaluciamejorconciencia.fundaciondescubre.es\/atrapa-azules\/wp-json\/wp\/v2\/users\/1"}],"replies":[{"embeddable":true,"href":"https:\/\/andaluciamejorconciencia.fundaciondescubre.es\/atrapa-azules\/wp-json\/wp\/v2\/comments?post=13"}],"version-history":[{"count":4,"href":"https:\/\/andaluciamejorconciencia.fundaciondescubre.es\/atrapa-azules\/wp-json\/wp\/v2\/pages\/13\/revisions"}],"predecessor-version":[{"id":45,"href":"https:\/\/andaluciamejorconciencia.fundaciondescubre.es\/atrapa-azules\/wp-json\/wp\/v2\/pages\/13\/revisions\/45"}],"wp:attachment":[{"href":"https:\/\/andaluciamejorconciencia.fundaciondescubre.es\/atrapa-azules\/wp-json\/wp\/v2\/media?parent=13"}],"curies":[{"name":"wp","href":"https:\/\/api.w.org\/{rel}","templated":true}]}}